{"id":10342,"date":"2021-05-23T09:52:59","date_gmt":"2021-05-23T14:52:59","guid":{"rendered":"https:\/\/sustainabilitygeopark.com\/web\/?page_id=10342"},"modified":"2021-09-06T19:46:41","modified_gmt":"2021-09-07T00:46:41","slug":"desarrollo-comunitario","status":"publish","type":"page","link":"https:\/\/geo-park.com\/sustainability\/2019\/desarrollo-comunitario\/","title":{"rendered":"desarrollo comunitario"},"content":{"rendered":"\t\t<div data-elementor-type=\"wp-page\" data-elementor-id=\"10342\" class=\"elementor elementor-10342\">\n\t\t\t\t\t\t\t\t\t<section class=\"elementor-section elementor-top-section elementor-element elementor-element-bd3d186 elementor-section-boxed elementor-section-height-default elementor-section-height-default\" data-id=\"bd3d186\" data-element_type=\"section\">\n\t\t\t\t\t\t<div class=\"elementor-container elementor-column-gap-default\">\n\t\t\t\t\t<div class=\"elementor-column elementor-col-100 elementor-top-column elementor-element elementor-element-3158bfb ot-flex-column-vertical\" data-id=\"3158bfb\" data-element_type=\"column\">\n\t\t\t<div class=\"elementor-widget-wrap elementor-element-populated\">\n\t\t\t\t\t\t\t\t<div class=\"elementor-element elementor-element-d9d160a elementor-widget elementor-widget-text-editor\" data-id=\"d9d160a\" data-element_type=\"widget\" data-widget_type=\"text-editor.default\">\n\t\t\t\t<div class=\"elementor-widget-container\">\n\t\t\t\t\t\t\t<p><a href=\"#\"><span style=\"text-decoration: underline;\">Social<\/span><\/a> <span style=\"color: #000000;\">&gt; <\/span><span style=\"color: #ae0c21;\">Desarrollo Comunitario<\/span><\/p>\t\t\t\t\t\t<\/div>\n\t\t\t\t<\/div>\n\t\t\t\t\t<\/div>\n\t\t<\/div>\n\t\t\t\t\t\t\t<\/div>\n\t\t<\/section>\n\t\t\t\t<section class=\"elementor-section elementor-top-section elementor-element elementor-element-0754150 elementor-section-boxed elementor-section-height-default elementor-section-height-default\" data-id=\"0754150\" data-element_type=\"section\" data-settings=\"{&quot;background_background&quot;:&quot;classic&quot;}\">\n\t\t\t\t\t\t<div class=\"elementor-container elementor-column-gap-default\">\n\t\t\t\t\t<div class=\"elementor-column elementor-col-100 elementor-top-column elementor-element elementor-element-f1b2745 ot-flex-column-vertical\" data-id=\"f1b2745\" data-element_type=\"column\">\n\t\t\t<div class=\"elementor-widget-wrap elementor-element-populated\">\n\t\t\t\t\t\t\t\t<section class=\"elementor-section elementor-inner-section elementor-element elementor-element-84d160e elementor-section-boxed elementor-section-height-default elementor-section-height-default\" data-id=\"84d160e\" data-element_type=\"section\">\n\t\t\t\t\t\t<div class=\"elementor-container elementor-column-gap-default\">\n\t\t\t\t\t<div class=\"elementor-column elementor-col-50 elementor-inner-column elementor-element elementor-element-3e2c509 ot-flex-column-vertical\" data-id=\"3e2c509\" data-element_type=\"column\">\n\t\t\t<div class=\"elementor-widget-wrap elementor-element-populated\">\n\t\t\t\t\t\t\t\t<div class=\"elementor-element elementor-element-6eee23a elementor-widget elementor-widget-image\" data-id=\"6eee23a\" data-element_type=\"widget\" data-widget_type=\"image.default\">\n\t\t\t\t<div class=\"elementor-widget-container\">\n\t\t\t\t\t\t\t\t\t\t\t\t\t\t\t<img decoding=\"async\" width=\"1\" height=\"1\" data-src=\"https:\/\/geo-park.com\/sustainability\/2019\/wp-content\/uploads\/2021\/05\/d_vector.svg\" class=\"attachment-large size-large wp-image-6728 lazyload\" alt=\"\" src=\"data:image\/gif;base64,R0lGODlhAQABAAAAACH5BAEKAAEALAAAAAABAAEAAAICTAEAOw==\" style=\"--smush-placeholder-width: 1px; --smush-placeholder-aspect-ratio: 1\/1;\" \/>\t\t\t\t\t\t\t\t\t\t\t\t\t\t\t<\/div>\n\t\t\t\t<\/div>\n\t\t\t\t<div class=\"elementor-element elementor-element-422dfe2 elementor-widget elementor-widget-spacer\" data-id=\"422dfe2\" data-element_type=\"widget\" data-widget_type=\"spacer.default\">\n\t\t\t\t<div class=\"elementor-widget-container\">\n\t\t\t\t\t<div class=\"elementor-spacer\">\n\t\t\t<div class=\"elementor-spacer-inner\"><\/div>\n\t\t<\/div>\n\t\t\t\t<\/div>\n\t\t\t\t<\/div>\n\t\t\t\t\t<\/div>\n\t\t<\/div>\n\t\t\t\t<div class=\"elementor-column elementor-col-50 elementor-inner-column elementor-element elementor-element-473260d ot-flex-column-vertical\" data-id=\"473260d\" data-element_type=\"column\">\n\t\t\t<div class=\"elementor-widget-wrap elementor-element-populated\">\n\t\t\t\t\t\t\t\t<div class=\"elementor-element elementor-element-9cea053 elementor-widget elementor-widget-heading\" data-id=\"9cea053\" data-element_type=\"widget\" data-widget_type=\"heading.default\">\n\t\t\t\t<div class=\"elementor-widget-container\">\n\t\t\t<h1 class=\"elementor-heading-title elementor-size-default\">NUESTRO<br>\nCOMPROMISO<br>\n<b>CON EL<br>\nDESARROLLO\nCOMUNITARIO:<\/b><\/h1>\t\t<\/div>\n\t\t\t\t<\/div>\n\t\t\t\t<div class=\"elementor-element elementor-element-43f3713 elementor-widget elementor-widget-spacer\" data-id=\"43f3713\" data-element_type=\"widget\" data-widget_type=\"spacer.default\">\n\t\t\t\t<div class=\"elementor-widget-container\">\n\t\t\t\t\t<div class=\"elementor-spacer\">\n\t\t\t<div class=\"elementor-spacer-inner\"><\/div>\n\t\t<\/div>\n\t\t\t\t<\/div>\n\t\t\t\t<\/div>\n\t\t\t\t<div class=\"elementor-element elementor-element-da3ab20 elementor-widget elementor-widget-text-editor\" data-id=\"da3ab20\" data-element_type=\"widget\" data-widget_type=\"text-editor.default\">\n\t\t\t\t<div class=\"elementor-widget-container\">\n\t\t\t\t\t\t\t<p>Convertirnos en el vecino y aliado<br \/>preferido, a partir de una relaci\u00f3n<br \/>sustentable de aprendizaje, intercambio<br \/>y beneficio mutuo con las comunidades<br \/>locales donde operamos.<\/p>\t\t\t\t\t\t<\/div>\n\t\t\t\t<\/div>\n\t\t\t\t<div class=\"elementor-element elementor-element-032b733 elementor-widget elementor-widget-spacer\" data-id=\"032b733\" data-element_type=\"widget\" data-widget_type=\"spacer.default\">\n\t\t\t\t<div class=\"elementor-widget-container\">\n\t\t\t\t\t<div class=\"elementor-spacer\">\n\t\t\t<div class=\"elementor-spacer-inner\"><\/div>\n\t\t<\/div>\n\t\t\t\t<\/div>\n\t\t\t\t<\/div>\n\t\t\t\t\t<\/div>\n\t\t<\/div>\n\t\t\t\t\t\t\t<\/div>\n\t\t<\/section>\n\t\t\t\t\t<\/div>\n\t\t<\/div>\n\t\t\t\t\t\t\t<\/div>\n\t\t<\/section>\n\t\t\t\t<section class=\"elementor-section elementor-top-section elementor-element elementor-element-a8eb47f elementor-section-boxed elementor-section-height-default elementor-section-height-default\" data-id=\"a8eb47f\" data-element_type=\"section\">\n\t\t\t\t\t\t<div class=\"elementor-container elementor-column-gap-default\">\n\t\t\t\t\t<div class=\"elementor-column elementor-col-100 elementor-top-column elementor-element elementor-element-1824530 ot-flex-column-vertical\" data-id=\"1824530\" data-element_type=\"column\">\n\t\t\t<div class=\"elementor-widget-wrap elementor-element-populated\">\n\t\t\t\t\t\t\t\t<div class=\"elementor-element elementor-element-bf20e7f elementor-widget elementor-widget-spacer\" data-id=\"bf20e7f\" data-element_type=\"widget\" data-widget_type=\"spacer.default\">\n\t\t\t\t<div class=\"elementor-widget-container\">\n\t\t\t\t\t<div class=\"elementor-spacer\">\n\t\t\t<div class=\"elementor-spacer-inner\"><\/div>\n\t\t<\/div>\n\t\t\t\t<\/div>\n\t\t\t\t<\/div>\n\t\t\t\t\t<\/div>\n\t\t<\/div>\n\t\t\t\t\t\t\t<\/div>\n\t\t<\/section>\n\t\t\t\t<section class=\"elementor-section elementor-top-section elementor-element elementor-element-69b2c30 elementor-section-boxed elementor-section-height-default elementor-section-height-default\" data-id=\"69b2c30\" data-element_type=\"section\">\n\t\t\t\t\t\t<div class=\"elementor-container elementor-column-gap-default\">\n\t\t\t\t\t<div class=\"elementor-column elementor-col-100 elementor-top-column elementor-element elementor-element-686ef95 ot-flex-column-vertical\" data-id=\"686ef95\" data-element_type=\"column\">\n\t\t\t<div class=\"elementor-widget-wrap elementor-element-populated\">\n\t\t\t\t\t\t\t\t<section class=\"elementor-section elementor-inner-section elementor-element elementor-element-3733286 elementor-section-boxed elementor-section-height-default elementor-section-height-default\" data-id=\"3733286\" data-element_type=\"section\">\n\t\t\t\t\t\t<div class=\"elementor-container elementor-column-gap-default\">\n\t\t\t\t\t<div class=\"elementor-column elementor-col-100 elementor-inner-column elementor-element elementor-element-b56e79d ot-flex-column-vertical\" data-id=\"b56e79d\" data-element_type=\"column\">\n\t\t\t<div class=\"elementor-widget-wrap elementor-element-populated\">\n\t\t\t\t\t\t\t\t<div class=\"elementor-element elementor-element-ca5c249 elementor-widget elementor-widget-heading\" data-id=\"ca5c249\" data-element_type=\"widget\" data-widget_type=\"heading.default\">\n\t\t\t\t<div class=\"elementor-widget-container\">\n\t\t\t<h2 class=\"elementor-heading-title elementor-size-default\"><strong>GESTI\u00d3N 2019<\/strong><\/h2>\t\t<\/div>\n\t\t\t\t<\/div>\n\t\t\t\t\t<\/div>\n\t\t<\/div>\n\t\t\t\t\t\t\t<\/div>\n\t\t<\/section>\n\t\t\t\t\t<\/div>\n\t\t<\/div>\n\t\t\t\t\t\t\t<\/div>\n\t\t<\/section>\n\t\t\t\t<section class=\"elementor-section elementor-top-section elementor-element elementor-element-e043fa4 elementor-section-boxed elementor-section-height-default elementor-section-height-default\" data-id=\"e043fa4\" data-element_type=\"section\">\n\t\t\t\t\t\t<div class=\"elementor-container elementor-column-gap-default\">\n\t\t\t\t\t<div class=\"elementor-column elementor-col-100 elementor-top-column elementor-element elementor-element-d549a67 ot-flex-column-vertical\" data-id=\"d549a67\" data-element_type=\"column\" data-settings=\"{&quot;background_background&quot;:&quot;classic&quot;}\">\n\t\t\t<div class=\"elementor-widget-wrap elementor-element-populated\">\n\t\t\t\t\t\t\t\t<section class=\"elementor-section elementor-inner-section elementor-element elementor-element-3174060 elementor-section-boxed elementor-section-height-default elementor-section-height-default\" data-id=\"3174060\" data-element_type=\"section\">\n\t\t\t\t\t\t<div class=\"elementor-container elementor-column-gap-default\">\n\t\t\t\t\t<div class=\"elementor-column elementor-col-100 elementor-inner-column elementor-element elementor-element-989f0cf ot-flex-column-vertical\" data-id=\"989f0cf\" data-element_type=\"column\">\n\t\t\t<div class=\"elementor-widget-wrap elementor-element-populated\">\n\t\t\t\t\t\t\t\t<div class=\"elementor-element elementor-element-3ec6692 elementor-widget elementor-widget-text-editor\" data-id=\"3ec6692\" data-element_type=\"widget\" data-widget_type=\"text-editor.default\">\n\t\t\t\t<div class=\"elementor-widget-container\">\n\t\t\t\t\t\t\t<p><div class=\"wptm_table tablesorter-bootstrap \" data-id=\"59\" data-hightlight=\"0\"><div class=\"wptmresponsive dataTables-wptmtable wptmtable\" id=\"wptmtable59\" data-tableid=\"wptmTbl59\"><table id=\"wptmTbl59\" data-id=\"59\" data-responsive=\"false\" data-hideCols=\"false\" data-type=\"html\" data-paging=\"false\" data-searching=\"false\" data-ordering=\"false\" data-table-breakpoint=\"980\" data-scroll-x=\"true\" data-scroll-collapse=\"true\" data-align=\"center\" data-hideColumn=\"[0,0,0,0,0,0,0]\" data-colwidths=\"[286,27,44,272,30,33,352]\" class=\" disablePager\"><colgroup><col data-dtr=\"0\" data-dtc=\"0\" class=\"dtc0\"><col data-dtr=\"0\" data-dtc=\"1\" class=\"dtc1\"><col data-dtr=\"0\" data-dtc=\"2\" class=\"dtc2\"><col data-dtr=\"0\" data-dtc=\"3\" class=\"dtc3\"><col data-dtr=\"0\" data-dtc=\"4\" class=\"dtc4\"><col data-dtr=\"0\" data-dtc=\"5\" class=\"dtc5\"><col data-dtr=\"0\" data-dtc=\"6\" class=\"dtc6\"><\/colgroup><thead><tr class=\"wptm-header-cells-index dnone\"><th rowspan=\"1\" colspan=\"1\" data-dtr=\"0\" data-dtc=\"0\" class=\"dtr0 dtc0\"><\/th><th rowspan=\"1\" colspan=\"1\" data-dtr=\"0\" data-dtc=\"1\" class=\"dtr0 dtc1\"><\/th><th rowspan=\"1\" colspan=\"1\" data-dtr=\"0\" data-dtc=\"2\" class=\"dtr0 dtc2\"><\/th><th rowspan=\"1\" colspan=\"1\" data-dtr=\"0\" data-dtc=\"3\" class=\"dtr0 dtc3\"><\/th><th rowspan=\"1\" colspan=\"1\" data-dtr=\"0\" data-dtc=\"4\" class=\"dtr0 dtc4\"><\/th><th rowspan=\"1\" colspan=\"1\" data-dtr=\"0\" data-dtc=\"5\" class=\"dtr0 dtc5\"><\/th><th rowspan=\"1\" colspan=\"1\" data-dtr=\"0\" data-dtc=\"6\" class=\"dtr0 dtc6\"><\/th><\/tr><tr class=\" row0\"><th  data-priority=\"0\" class=\"dtr0 dtc0\"><\/th><th  data-priority=\"0\" class=\"dtr0 dtc1\"><\/th><th  data-priority=\"0\" class=\"dtr0 dtc2\"><\/th><th  data-priority=\"0\" class=\"dtr0 dtc3\"><\/th><th  data-priority=\"0\" class=\"dtr0 dtc4\"><\/th><th  data-priority=\"0\" class=\"dtr0 dtc5\"><\/th><th  data-priority=\"0\" class=\"dtr0 dtc6\"><\/th><\/thead><tbody><tr class=\" row1\"><td   class=\"dtr1 dtc0\">CERO<\/td><td   class=\"dtr1 dtc1\"><\/td><td   class=\"dtr1 dtc2\"><\/td><td   class=\"dtr1 dtc3\">376<\/td><td   class=\"dtr1 dtc4\"><\/td><td   class=\"dtr1 dtc5\"><\/td><td   class=\"dtr1 dtc6\">6.277<\/td><\/tr><tr class=\" row2\"><td   class=\"dtr2 dtc0\">Interrupciones a las operaciones de las unidades de negocio por incidentes sociales<\/td><td   class=\"dtr2 dtc1\"><\/td><td   class=\"dtr2 dtc2\"><\/td><td   class=\"dtr2 dtc3\">Reuniones con participaci\u00f3n de vecinos de nuestras \u00e1reas de operaci\u00f3n<\/td><td   class=\"dtr2 dtc4\"><\/td><td   class=\"dtr2 dtc5\"><\/td><td   class=\"dtr2 dtc6\">Vecinos de nuestras \u00e1reas de operaci\u00f3n participantes en reuniones<\/td><\/tr><tr class=\" row3\"><td   class=\"dtr3 dtc0\"><\/td><td   class=\"dtr3 dtc1\"><\/td><td   class=\"dtr3 dtc2\"><\/td><td   class=\"dtr3 dtc3\"><\/td><td   class=\"dtr3 dtc4\"><\/td><td   class=\"dtr3 dtc5\"><\/td><td   class=\"dtr3 dtc6\"><\/td><\/tr><tr class=\" row4\"><td   class=\"dtr4 dtc0\">$ 3,9 MM<\/td><td   class=\"dtr4 dtc1\"><\/td><td   class=\"dtr4 dtc2\"><\/td><td   class=\"dtr4 dtc3\">92 %<\/td><td   class=\"dtr4 dtc4\"><\/td><td   class=\"dtr4 dtc5\"><\/td><td   class=\"dtr4 dtc6\">32.984<\/td><\/tr><tr class=\" row5\"><td   class=\"dtr5 dtc0\">Inversi\u00f3n socioambiental para el desarrollo sostenible<\/td><td   class=\"dtr5 dtc1\"><\/td><td   class=\"dtr5 dtc2\"><\/td><td   class=\"dtr5 dtc3\">Efectividad en el cierre de reclamaciones presentadas por nuestros grupos de inter\u00e9s en el Programa \u201cCu\u00e9ntame\u201d, Colombia<\/td><td   class=\"dtr5 dtc4\"><\/td><td   class=\"dtr5 dtc5\"><\/td><td   class=\"dtr5 dtc6\">Beneficiarios de programas sociales<\/td><\/tr><tr class=\" row6\"><td   class=\"dtr6 dtc0\"><\/td><td   class=\"dtr6 dtc1\"><\/td><td   class=\"dtr6 dtc2\"><\/td><td   class=\"dtr6 dtc3\"><\/td><td   class=\"dtr6 dtc4\"><\/td><td   class=\"dtr6 dtc5\"><\/td><td   class=\"dtr6 dtc6\"><\/td><\/tr><tr class=\" row7\"><td   class=\"dtr7 dtc0\"><\/td><td   class=\"dtr7 dtc1\"><\/td><td   class=\"dtr7 dtc2\"><\/td><td   class=\"dtr7 dtc3\"><\/td><td   class=\"dtr7 dtc4\"><\/td><td   class=\"dtr7 dtc5\"><\/td><td   class=\"dtr7 dtc6\"><\/td><\/tr><tr class=\" row8\"><td   class=\"dtr8 dtc0\">$ 56.784<\/td><td   class=\"dtr8 dtc1\"><\/td><td   class=\"dtr8 dtc2\"><\/td><td   class=\"dtr8 dtc3\">2.700<\/td><td   class=\"dtr8 dtc4\"><\/td><td   class=\"dtr8 dtc5\"><\/td><td   class=\"dtr8 dtc6\"><\/td><\/tr><tr class=\" row9\"><td   class=\"dtr9 dtc0\">Inversi\u00f3n en el Programa de Becas Universitarias \u201cTimothy O\u2019Shaughnessy\u201d para Mujeres en Ciencias e Ingenier\u00edas<\/td><td   class=\"dtr9 dtc1\"><\/td><td   class=\"dtr9 dtc2\"><\/td><td   class=\"dtr9 dtc3\">Oportunidades de trabajo a trav\u00e9s de la cadena de valor en Colombia. 92 % cubiertas por trabajadores locales y regionales<\/td><td   class=\"dtr9 dtc4\"><\/td><td   class=\"dtr9 dtc5\"><\/td><td   class=\"dtr9 dtc6\"><\/td><\/tr><tr class=\" row10\"><td   class=\"dtr10 dtc0\"><\/td><td   class=\"dtr10 dtc1\"><\/td><td   class=\"dtr10 dtc2\"><\/td><td   class=\"dtr10 dtc3\"><\/td><td   class=\"dtr10 dtc4\"><\/td><td   class=\"dtr10 dtc5\"><\/td><td   class=\"dtr10 dtc6\"><\/td><\/tr><tr class=\" row11\"><td   class=\"dtr11 dtc0\"><\/td><td   class=\"dtr11 dtc1\"><\/td><td   class=\"dtr11 dtc2\"><\/td><td   class=\"dtr11 dtc3\"><\/td><td   class=\"dtr11 dtc4\"><\/td><td   class=\"dtr11 dtc5\"><\/td><td   class=\"dtr11 dtc6\"><\/td><\/tr><\/tbody><tfoot><td class=\"dtr11 dtc0\" style=\"height: 0;\"><\/td><td class=\"dtr11 dtc1\" style=\"height: 0;\"><\/td><td class=\"dtr11 dtc2\" style=\"height: 0;\"><\/td><td class=\"dtr11 dtc3\" style=\"height: 0;\"><\/td><td class=\"dtr11 dtc4\" style=\"height: 0;\"><\/td><td class=\"dtr11 dtc5\" style=\"height: 0;\"><\/td><td class=\"dtr11 dtc6\" style=\"height: 0;\"><\/td><\/tfoot><\/table><\/div><style>#wptmtable59 .dataTables_wrapper > .dataTables_scroll {max-height:500px;overflow: auto;}<\/style><script>wptm_ajaxurl = 'https:\/\/geo-park.com\/sustainability\/2019\/wp-admin\/admin-ajax.php?juwpfisadmin=false&action=Wptm&';<\/script><\/div><style>.droptables-highlight-horizontal, .droptables-highlight-vertical  {  color: #ffffff !important; background: rgba(118,188,88,0.9) !important; }<\/style><\/p>\t\t\t\t\t\t<\/div>\n\t\t\t\t<\/div>\n\t\t\t\t\t<\/div>\n\t\t<\/div>\n\t\t\t\t\t\t\t<\/div>\n\t\t<\/section>\n\t\t\t\t\t<\/div>\n\t\t<\/div>\n\t\t\t\t\t\t\t<\/div>\n\t\t<\/section>\n\t\t\t\t<section class=\"elementor-section elementor-top-section elementor-element elementor-element-42c4b3e elementor-section-boxed elementor-section-height-default elementor-section-height-default\" data-id=\"42c4b3e\" data-element_type=\"section\">\n\t\t\t\t\t\t<div class=\"elementor-container elementor-column-gap-default\">\n\t\t\t\t\t<div class=\"elementor-column elementor-col-100 elementor-top-column elementor-element elementor-element-974ddbe ot-flex-column-vertical\" data-id=\"974ddbe\" data-element_type=\"column\">\n\t\t\t<div class=\"elementor-widget-wrap elementor-element-populated\">\n\t\t\t\t\t\t\t\t<section class=\"elementor-section elementor-inner-section elementor-element elementor-element-06b28da elementor-section-boxed elementor-section-height-default elementor-section-height-default\" data-id=\"06b28da\" data-element_type=\"section\">\n\t\t\t\t\t\t<div class=\"elementor-container elementor-column-gap-default\">\n\t\t\t\t\t<div class=\"elementor-column elementor-col-100 elementor-inner-column elementor-element elementor-element-d7dbf88 ot-flex-column-vertical\" data-id=\"d7dbf88\" data-element_type=\"column\">\n\t\t\t<div class=\"elementor-widget-wrap elementor-element-populated\">\n\t\t\t\t\t\t\t\t<div class=\"elementor-element elementor-element-5d2a611 elementor-widget elementor-widget-spacer\" data-id=\"5d2a611\" data-element_type=\"widget\" data-widget_type=\"spacer.default\">\n\t\t\t\t<div class=\"elementor-widget-container\">\n\t\t\t\t\t<div class=\"elementor-spacer\">\n\t\t\t<div class=\"elementor-spacer-inner\"><\/div>\n\t\t<\/div>\n\t\t\t\t<\/div>\n\t\t\t\t<\/div>\n\t\t\t\t<div class=\"elementor-element elementor-element-ca48348 elementor-widget elementor-widget-heading\" data-id=\"ca48348\" data-element_type=\"widget\" data-widget_type=\"heading.default\">\n\t\t\t\t<div class=\"elementor-widget-container\">\n\t\t\t<h2 class=\"elementor-heading-title elementor-size-default\">METAS 2020<\/h2>\t\t<\/div>\n\t\t\t\t<\/div>\n\t\t\t\t<div class=\"elementor-element elementor-element-fba80ad elementor-widget elementor-widget-spacer\" data-id=\"fba80ad\" data-element_type=\"widget\" data-widget_type=\"spacer.default\">\n\t\t\t\t<div class=\"elementor-widget-container\">\n\t\t\t\t\t<div class=\"elementor-spacer\">\n\t\t\t<div class=\"elementor-spacer-inner\"><\/div>\n\t\t<\/div>\n\t\t\t\t<\/div>\n\t\t\t\t<\/div>\n\t\t\t\t<div class=\"elementor-element elementor-element-48523ef elementor-widget elementor-widget-text-editor\" data-id=\"48523ef\" data-element_type=\"widget\" data-widget_type=\"text-editor.default\">\n\t\t\t\t<div class=\"elementor-widget-container\">\n\t\t\t\t\t\t\t<ul><li>Continuar con el fortalecimiento e implementaci\u00f3n a nivel corporativo del Modelo de Gesti\u00f3n de Entorno.<\/li><li>Garantizar que a nuestro ingreso en nuevos pa\u00edses y territorios se realice un proceso de gesti\u00f3n temprana acorde con nuestros principios y promesa de valor de la Buena Vecindad.<\/li><li>Garantizar procesos de debida diligencia en derechos humanos, que tengan como prop\u00f3sito el aseguramiento de una gesti\u00f3n socioambiental.<\/li><li>Fortalecer y mantener nuestra licencia social con un enfoque diferencial que privilegie la diversidad cultural, la inclusi\u00f3n y la equidad, e integre respetuosamente los conocimientos, expectativas y saberes de los pueblos originarios.<\/li><li>Establecer el Plan de gesti\u00f3n y contribuci\u00f3n con el cierre de brechas para el desarrollo sostenible (Objetivos de Desarrollo Sostenible, ODS).<\/li><\/ul>\t\t\t\t\t\t<\/div>\n\t\t\t\t<\/div>\n\t\t\t\t\t<\/div>\n\t\t<\/div>\n\t\t\t\t\t\t\t<\/div>\n\t\t<\/section>\n\t\t\t\t\t<\/div>\n\t\t<\/div>\n\t\t\t\t\t\t\t<\/div>\n\t\t<\/section>\n\t\t\t\t<section class=\"elementor-section elementor-top-section elementor-element elementor-element-fe61b9f elementor-section-boxed elementor-section-height-default elementor-section-height-default\" data-id=\"fe61b9f\" data-element_type=\"section\">\n\t\t\t\t\t\t<div class=\"elementor-container elementor-column-gap-default\">\n\t\t\t\t\t<div class=\"elementor-column elementor-col-100 elementor-top-column elementor-element elementor-element-22fddb1 ot-flex-column-vertical\" data-id=\"22fddb1\" data-element_type=\"column\">\n\t\t\t<div class=\"elementor-widget-wrap elementor-element-populated\">\n\t\t\t\t\t\t\t\t<div class=\"elementor-element elementor-element-057a5d6 elementor-widget elementor-widget-spacer\" data-id=\"057a5d6\" data-element_type=\"widget\" data-widget_type=\"spacer.default\">\n\t\t\t\t<div class=\"elementor-widget-container\">\n\t\t\t\t\t<div class=\"elementor-spacer\">\n\t\t\t<div class=\"elementor-spacer-inner\"><\/div>\n\t\t<\/div>\n\t\t\t\t<\/div>\n\t\t\t\t<\/div>\n\t\t\t\t<div class=\"elementor-element elementor-element-7705c9c elementor-widget elementor-widget-html\" data-id=\"7705c9c\" data-element_type=\"widget\" data-widget_type=\"html.default\">\n\t\t\t\t<div class=\"elementor-widget-container\">\n\t\t\t<a href=\"https:\/\/sustainabilitygeopark.com\/2019\/social\/\"><div style=\"display: flex; align-items: center; position: fixed; top: 50%; left: 0;\">\n       <div id=\"btn-flecha2\" style=\"border: 2px solid #000; padding: 8px 15px; cursor: pointer;\">\n        <i class=\"fas fa-long-arrow-alt-left\"><\/i>\n    <\/div>\n     <div id=\"text-reporte-speed2\" style=\"width: 170px; padding:9px; font-size: 12px; text-align: center; border: 2px solid #ae0c21; opacity: 0; background-color: #fff; color: #000; pointer-events: none;\">\n       SOCIAL\n    <\/div>\n<\/div>\n<\/a>\n<style>\n    #btn-flecha2:hover{\n        background-color: #ae0c21;\n        border: #ae0c21 !important;\n        color: #fff;\n    }\n<\/style>\n\n<script>\n    document.getElementById('btn-flecha2').onmouseover = function(){\n            document.getElementById('text-reporte-speed2').style.opacity = 1;\n    }\n    \n    document.getElementById('btn-flecha2').onmouseout = function(){\n            document.getElementById('text-reporte-speed2').style.opacity = 0;\n    }\n<\/script>\n\n\n<a href=\"https:\/\/sustainabilitygeopark.com\/2019\/nuestra-estrategia\/\"><div style=\"display: flex; align-items: center; position: fixed; top: 50%; right: 0;\">\n    <div id=\"text-reporte-speed\" style=\"width: 170px; font-size: 12px; text-align: center; border: 2px solid #ae0c21; opacity: 0; background-color: #fff; color: #000; pointer-events: none;\">\n       NUESTRA  <br>ESTRATEGIA\n    <\/div>\n    \n    <div id=\"btn-flecha\" style=\"border: 2px solid #000; padding: 8px 15px; cursor: pointer;\">\n        <i class=\"fas fa-long-arrow-alt-right\"><\/i>\n    <\/div>\n<\/div>\n<\/a>\n<style>\n    #btn-flecha:hover{\n        background-color: #ae0c21;\n        border: #ae0c21 !important;\n        color: #fff;\n    }\n<\/style>\n\n<script>\n    document.getElementById('btn-flecha').onmouseover = function(){\n            document.getElementById('text-reporte-speed').style.opacity = 1;\n    }\n    \n    document.getElementById('btn-flecha').onmouseout = function(){\n            document.getElementById('text-reporte-speed').style.opacity = 0;\n    }\n<\/script>\t\t<\/div>\n\t\t\t\t<\/div>\n\t\t\t\t<div class=\"elementor-element elementor-element-2416396 elementor-widget elementor-widget-spacer\" data-id=\"2416396\" data-element_type=\"widget\" data-widget_type=\"spacer.default\">\n\t\t\t\t<div class=\"elementor-widget-container\">\n\t\t\t\t\t<div class=\"elementor-spacer\">\n\t\t\t<div class=\"elementor-spacer-inner\"><\/div>\n\t\t<\/div>\n\t\t\t\t<\/div>\n\t\t\t\t<\/div>\n\t\t\t\t\t<\/div>\n\t\t<\/div>\n\t\t\t\t\t\t\t<\/div>\n\t\t<\/section>\n\t\t\t\t\t\t\t<\/div>\n\t\t","protected":false},"excerpt":{"rendered":"<p>Social &gt; Desarrollo Comunitario NUESTRO COMPROMISO CON EL DESARROLLO COMUNITARIO: Convertirnos en el vecino y aliadopreferido, a partir de una relaci\u00f3nsustentable de aprendizaje, intercambioy beneficio mutuo con las comunidadeslocales donde operamos. GESTI\u00d3N 2019 METAS 2020 Continuar con el fortalecimiento e implementaci\u00f3n a nivel corporativo del Modelo de Gesti\u00f3n de Entorno. Garantizar que a nuestro ingreso [&hellip;]<\/p>\n","protected":false},"author":1,"featured_media":0,"parent":0,"menu_order":0,"comment_status":"closed","ping_status":"closed","template":"","meta":{"footnotes":""},"class_list":["post-10342","page","type-page","status-publish","hentry"],"_links":{"self":[{"href":"https:\/\/geo-park.com\/sustainability\/2019\/wp-json\/wp\/v2\/pages\/10342","targetHints":{"allow":["GET"]}}],"collection":[{"href":"https:\/\/geo-park.com\/sustainability\/2019\/wp-json\/wp\/v2\/pages"}],"about":[{"href":"https:\/\/geo-park.com\/sustainability\/2019\/wp-json\/wp\/v2\/types\/page"}],"author":[{"embeddable":true,"href":"https:\/\/geo-park.com\/sustainability\/2019\/wp-json\/wp\/v2\/users\/1"}],"replies":[{"embeddable":true,"href":"https:\/\/geo-park.com\/sustainability\/2019\/wp-json\/wp\/v2\/comments?post=10342"}],"version-history":[{"count":34,"href":"https:\/\/geo-park.com\/sustainability\/2019\/wp-json\/wp\/v2\/pages\/10342\/revisions"}],"predecessor-version":[{"id":12293,"href":"https:\/\/geo-park.com\/sustainability\/2019\/wp-json\/wp\/v2\/pages\/10342\/revisions\/12293"}],"wp:attachment":[{"href":"https:\/\/geo-park.com\/sustainability\/2019\/wp-json\/wp\/v2\/media?parent=10342"}],"curies":[{"name":"wp","href":"https:\/\/api.w.org\/{rel}","templated":true}]}}