{"id":113,"date":"2021-09-16T21:19:46","date_gmt":"2021-09-16T21:19:46","guid":{"rendered":"https:\/\/geo-park.com\/sustainability\/2020\/?page_id=113"},"modified":"2021-10-29T20:49:26","modified_gmt":"2021-10-29T20:49:26","slug":"hitos-de-gestion","status":"publish","type":"page","link":"https:\/\/geo-park.com\/sustainability\/2020\/hitos-de-gestion\/","title":{"rendered":"Hitos de gesti\u00f3n"},"content":{"rendered":"<section class=\"l-section wpb_row height_small\"><div class=\"l-section-h i-cf\"><div class=\"g-cols via_grid cols_2-1 laptops-cols_inherit tablets-cols_inherit mobiles-cols_1 valign_top type_default\"><div class=\"wpb_column vc_column_container\"><div class=\"vc_column-inner\"><div class=\"wpb_text_column intro-pp\"><div class=\"wpb_wrapper\"><p>Desde nuestra fundaci\u00f3n en 2002, nos propusimos alcanzar los m\u00e1s altos est\u00e1ndares en cinco \u00e1reas esenciales para nuestra Compa\u00f1\u00eda, para la sociedad y para nuestro planeta: Seguridad, Prosperidad, Empleados, Entorno Ambiental y Desarrollo Comunitario.<\/p>\n<\/div><\/div><div class=\"wpb_text_column\"><div class=\"wpb_wrapper\"><p>SPEED nos ha permitido atraer el mejor talento, ser el socio preferido, el mejor vecino y desarrollar una operaci\u00f3n segura, sostenible y exitosa. Los hitos de gesti\u00f3n en 2020 as\u00ed lo demuestran.<\/p>\n<\/div><\/div><\/div><\/div><div class=\"wpb_column vc_column_container\"><div class=\"vc_column-inner\"><\/div><\/div><\/div><\/div><\/section><section class=\"l-section wpb_row cont-grid-paginas height_small\"><div class=\"l-section-h i-cf\"><div class=\"g-cols via_grid cols_2 laptops-cols_inherit tablets-cols_inherit mobiles-cols_1 valign_top type_default\"><div class=\"wpb_column vc_column_container\"><div class=\"vc_column-inner\"><div class=\"w-btn-wrapper width_full\"><a class=\"w-btn us-btn-style_2 us_custom_1f257949 btn-hitos icon_atright\" title=\"Comprometidos con la seguridad y la salud durante la pandemia\" href=\"https:\/\/geo-park.com\/sustainability\/2020\/hitos-de-gestion\/comprometidos-con-la-seguridad-y-la-salud-durante-la-pandemia\/\"><span class=\"w-btn-label\">Comprometidos con la seguridad y la salud durante la pandemia<\/span><i class=\"far fa-arrow-right\"><\/i><\/a><\/div><div class=\"w-btn-wrapper width_full\"><a class=\"w-btn us-btn-style_3 us_custom_1f257949 btn-hitos icon_atright\" title=\"2020, una oportunidad para ser mejores y m\u00e1s resilientes\" href=\"https:\/\/geo-park.com\/sustainability\/2020\/hitos-de-gestion\/2020-una-oportunidad-para-ser-mejores-y-mas-resilientes\/\"><span class=\"w-btn-label\">2020, una oportunidad para ser mejores y m\u00e1s resilientes<\/span><i class=\"far fa-arrow-right\"><\/i><\/a><\/div><div class=\"w-btn-wrapper width_full\"><a class=\"w-btn us-btn-style_4 us_custom_1f257949 btn-hitos icon_atright\" title=\"2020: un an\u0303o en el que la cultura y las personas fueron la clave para seguir creciendo\" href=\"https:\/\/geo-park.com\/sustainability\/2020\/hitos-de-gestion\/2020-en-el-que-la-cultura-y-las-personas-fueron-la-clave-para-seguir-creciendo\/\"><span class=\"w-btn-label\">2020: un an\u0303o en el que la cultura y las personas fueron la clave para seguir creciendo<\/span><i class=\"far fa-arrow-right\"><\/i><\/a><\/div><\/div><\/div><div class=\"wpb_column vc_column_container\"><div class=\"vc_column-inner\"><div class=\"w-btn-wrapper width_full\"><a class=\"w-btn us-btn-style_5 us_custom_1f257949 btn-hitos icon_atright\" title=\"Nuestro compromiso con la reduccio\u0301n de emisiones de Gases de Efecto Invernadero (GEI)\" href=\"https:\/\/geo-park.com\/sustainability\/2020\/hitos-de-gestion\/nuestro-compromiso-con-la-reduccion-de-emisiones-de-gases-de-efecto-invernadero-gei\/\"><span class=\"w-btn-label\">Nuestro compromiso con la reduccio\u0301n de emisiones de Gases de Efecto Invernadero (GEI)<\/span><i class=\"far fa-arrow-right\"><\/i><\/a><\/div><div class=\"w-btn-wrapper width_full\"><a class=\"w-btn us-btn-style_6 us_custom_1f257949 btn-hitos icon_atright\" title=\"Construyendo Acuerdos de Buena Vecindad para el largo plazo en Putumayo, al sur de Colombia\" href=\"https:\/\/geo-park.com\/sustainability\/2020\/hitos-de-gestion\/construyendo-acuerdos-de-buena-vecindad-para-el-largo-plazo-en-putumayo-al-sur-de-colombia\/\"><span class=\"w-btn-label\">Construyendo Acuerdos de Buena Vecindad para el largo plazo en Putumayo, al sur de Colombia<\/span><i class=\"far fa-arrow-right\"><\/i><\/a><\/div><\/div><\/div><\/div><\/div><\/section>\n","protected":false},"excerpt":{"rendered":"Desde nuestra fundaci\u00f3n en 2002, nos propusimos alcanzar los m\u00e1s altos est\u00e1ndares en cinco \u00e1reas esenciales para nuestra Compa\u00f1\u00eda, para la sociedad y para nuestro planeta: Seguridad, Prosperidad, Empleados, Entorno Ambiental y Desarrollo Comunitario. SPEED nos ha permitido atraer el mejor talento, ser el socio preferido, el mejor vecino y desarrollar una operaci\u00f3n segura, sostenible...","protected":false},"author":1,"featured_media":919,"parent":0,"menu_order":9,"comment_status":"closed","ping_status":"closed","template":"","meta":{"inline_featured_image":false,"footnotes":""},"class_list":["post-113","page","type-page","status-publish","has-post-thumbnail","hentry"],"yoast_head":"<!-- This site is optimized with the Yoast SEO plugin v24.9 - https:\/\/yoast.com\/wordpress\/plugins\/seo\/ -->\n<title>Hitos de gesti\u00f3n GeoPark - Sustainability Report 2020 GeoPark<\/title>\n<meta name=\"description\" content=\"El 2020 fue un a\u00f1o de retos y desaf\u00edos que nos permiti\u00f3 alcanzar hitos en GeoPark. Conoce m\u00e1s.\" \/>\n<meta name=\"robots\" content=\"index, follow, max-snippet:-1, max-image-preview:large, max-video-preview:-1\" \/>\n<link rel=\"canonical\" href=\"https:\/\/geo-park.com\/sustainability\/2020\/hitos-de-gestion\/\" \/>\n<meta property=\"og:locale\" content=\"es_ES\" \/>\n<meta property=\"og:type\" content=\"article\" \/>\n<meta property=\"og:title\" content=\"Hitos de gesti\u00f3n GeoPark - Sustainability Report 2020 GeoPark\" \/>\n<meta property=\"og:description\" content=\"El 2020 fue un a\u00f1o de retos y desaf\u00edos que nos permiti\u00f3 alcanzar hitos en GeoPark. Conoce m\u00e1s.\" \/>\n<meta property=\"og:url\" content=\"https:\/\/geo-park.com\/sustainability\/2020\/hitos-de-gestion\/\" \/>\n<meta property=\"og:site_name\" content=\"Sustainability Report 2020 GeoPark\" \/>\n<meta property=\"article:modified_time\" content=\"2021-10-29T20:49:26+00:00\" \/>\n<meta property=\"og:image\" content=\"https:\/\/geo-park.com\/sustainability\/2020\/wp-content\/uploads\/2021\/10\/banner-PRINCIPIPAL-Hitos-de-gestion.jpg\" \/>\n\t<meta property=\"og:image:width\" content=\"1280\" \/>\n\t<meta property=\"og:image:height\" content=\"420\" \/>\n\t<meta property=\"og:image:type\" content=\"image\/jpeg\" \/>\n<meta name=\"twitter:card\" content=\"summary_large_image\" \/>\n<meta name=\"twitter:label1\" content=\"Tiempo de lectura\" \/>\n\t<meta name=\"twitter:data1\" content=\"1 minuto\" \/>\n<script type=\"application\/ld+json\" class=\"yoast-schema-graph\">{\"@context\":\"https:\/\/schema.org\",\"@graph\":[{\"@type\":\"WebPage\",\"@id\":\"https:\/\/geo-park.com\/sustainability\/2020\/hitos-de-gestion\/\",\"url\":\"https:\/\/geo-park.com\/sustainability\/2020\/hitos-de-gestion\/\",\"name\":\"Hitos de gesti\u00f3n GeoPark - Sustainability Report 2020 GeoPark\",\"isPartOf\":{\"@id\":\"https:\/\/geo-park.com\/sustainability\/2020\/#website\"},\"primaryImageOfPage\":{\"@id\":\"https:\/\/geo-park.com\/sustainability\/2020\/hitos-de-gestion\/#primaryimage\"},\"image\":{\"@id\":\"https:\/\/geo-park.com\/sustainability\/2020\/hitos-de-gestion\/#primaryimage\"},\"thumbnailUrl\":\"https:\/\/geo-park.com\/sustainability\/2020\/wp-content\/uploads\/2021\/10\/banner-PRINCIPIPAL-Hitos-de-gestion.jpg\",\"datePublished\":\"2021-09-16T21:19:46+00:00\",\"dateModified\":\"2021-10-29T20:49:26+00:00\",\"description\":\"El 2020 fue un a\u00f1o de retos y desaf\u00edos que nos permiti\u00f3 alcanzar hitos en GeoPark. Conoce m\u00e1s.\",\"breadcrumb\":{\"@id\":\"https:\/\/geo-park.com\/sustainability\/2020\/hitos-de-gestion\/#breadcrumb\"},\"inLanguage\":\"es\",\"potentialAction\":[{\"@type\":\"ReadAction\",\"target\":[\"https:\/\/geo-park.com\/sustainability\/2020\/hitos-de-gestion\/\"]}]},{\"@type\":\"ImageObject\",\"inLanguage\":\"es\",\"@id\":\"https:\/\/geo-park.com\/sustainability\/2020\/hitos-de-gestion\/#primaryimage\",\"url\":\"https:\/\/geo-park.com\/sustainability\/2020\/wp-content\/uploads\/2021\/10\/banner-PRINCIPIPAL-Hitos-de-gestion.jpg\",\"contentUrl\":\"https:\/\/geo-park.com\/sustainability\/2020\/wp-content\/uploads\/2021\/10\/banner-PRINCIPIPAL-Hitos-de-gestion.jpg\",\"width\":1280,\"height\":420},{\"@type\":\"BreadcrumbList\",\"@id\":\"https:\/\/geo-park.com\/sustainability\/2020\/hitos-de-gestion\/#breadcrumb\",\"itemListElement\":[{\"@type\":\"ListItem\",\"position\":1,\"name\":\"Inicio\",\"item\":\"https:\/\/geo-park.com\/sustainability\/2020\/\"},{\"@type\":\"ListItem\",\"position\":2,\"name\":\"Hitos de gesti\u00f3n\"}]},{\"@type\":\"WebSite\",\"@id\":\"https:\/\/geo-park.com\/sustainability\/2020\/#website\",\"url\":\"https:\/\/geo-park.com\/sustainability\/2020\/\",\"name\":\"Sustainability Report 2020 GeoPark\",\"description\":\"Just another WordPress site\",\"potentialAction\":[{\"@type\":\"SearchAction\",\"target\":{\"@type\":\"EntryPoint\",\"urlTemplate\":\"https:\/\/geo-park.com\/sustainability\/2020\/?s={search_term_string}\"},\"query-input\":{\"@type\":\"PropertyValueSpecification\",\"valueRequired\":true,\"valueName\":\"search_term_string\"}}],\"inLanguage\":\"es\"}]}<\/script>\n<!-- \/ Yoast SEO plugin. -->","yoast_head_json":{"title":"Hitos de gesti\u00f3n GeoPark - Sustainability Report 2020 GeoPark","description":"El 2020 fue un a\u00f1o de retos y desaf\u00edos que nos permiti\u00f3 alcanzar hitos en GeoPark. Conoce m\u00e1s.","robots":{"index":"index","follow":"follow","max-snippet":"max-snippet:-1","max-image-preview":"max-image-preview:large","max-video-preview":"max-video-preview:-1"},"canonical":"https:\/\/geo-park.com\/sustainability\/2020\/hitos-de-gestion\/","og_locale":"es_ES","og_type":"article","og_title":"Hitos de gesti\u00f3n GeoPark - Sustainability Report 2020 GeoPark","og_description":"El 2020 fue un a\u00f1o de retos y desaf\u00edos que nos permiti\u00f3 alcanzar hitos en GeoPark. Conoce m\u00e1s.","og_url":"https:\/\/geo-park.com\/sustainability\/2020\/hitos-de-gestion\/","og_site_name":"Sustainability Report 2020 GeoPark","article_modified_time":"2021-10-29T20:49:26+00:00","og_image":[{"width":1280,"height":420,"url":"https:\/\/geo-park.com\/sustainability\/2020\/wp-content\/uploads\/2021\/10\/banner-PRINCIPIPAL-Hitos-de-gestion.jpg","type":"image\/jpeg"}],"twitter_card":"summary_large_image","twitter_misc":{"Tiempo de lectura":"1 minuto"},"schema":{"@context":"https:\/\/schema.org","@graph":[{"@type":"WebPage","@id":"https:\/\/geo-park.com\/sustainability\/2020\/hitos-de-gestion\/","url":"https:\/\/geo-park.com\/sustainability\/2020\/hitos-de-gestion\/","name":"Hitos de gesti\u00f3n GeoPark - Sustainability Report 2020 GeoPark","isPartOf":{"@id":"https:\/\/geo-park.com\/sustainability\/2020\/#website"},"primaryImageOfPage":{"@id":"https:\/\/geo-park.com\/sustainability\/2020\/hitos-de-gestion\/#primaryimage"},"image":{"@id":"https:\/\/geo-park.com\/sustainability\/2020\/hitos-de-gestion\/#primaryimage"},"thumbnailUrl":"https:\/\/geo-park.com\/sustainability\/2020\/wp-content\/uploads\/2021\/10\/banner-PRINCIPIPAL-Hitos-de-gestion.jpg","datePublished":"2021-09-16T21:19:46+00:00","dateModified":"2021-10-29T20:49:26+00:00","description":"El 2020 fue un a\u00f1o de retos y desaf\u00edos que nos permiti\u00f3 alcanzar hitos en GeoPark. Conoce m\u00e1s.","breadcrumb":{"@id":"https:\/\/geo-park.com\/sustainability\/2020\/hitos-de-gestion\/#breadcrumb"},"inLanguage":"es","potentialAction":[{"@type":"ReadAction","target":["https:\/\/geo-park.com\/sustainability\/2020\/hitos-de-gestion\/"]}]},{"@type":"ImageObject","inLanguage":"es","@id":"https:\/\/geo-park.com\/sustainability\/2020\/hitos-de-gestion\/#primaryimage","url":"https:\/\/geo-park.com\/sustainability\/2020\/wp-content\/uploads\/2021\/10\/banner-PRINCIPIPAL-Hitos-de-gestion.jpg","contentUrl":"https:\/\/geo-park.com\/sustainability\/2020\/wp-content\/uploads\/2021\/10\/banner-PRINCIPIPAL-Hitos-de-gestion.jpg","width":1280,"height":420},{"@type":"BreadcrumbList","@id":"https:\/\/geo-park.com\/sustainability\/2020\/hitos-de-gestion\/#breadcrumb","itemListElement":[{"@type":"ListItem","position":1,"name":"Inicio","item":"https:\/\/geo-park.com\/sustainability\/2020\/"},{"@type":"ListItem","position":2,"name":"Hitos de gesti\u00f3n"}]},{"@type":"WebSite","@id":"https:\/\/geo-park.com\/sustainability\/2020\/#website","url":"https:\/\/geo-park.com\/sustainability\/2020\/","name":"Sustainability Report 2020 GeoPark","description":"Just another WordPress site","potentialAction":[{"@type":"SearchAction","target":{"@type":"EntryPoint","urlTemplate":"https:\/\/geo-park.com\/sustainability\/2020\/?s={search_term_string}"},"query-input":{"@type":"PropertyValueSpecification","valueRequired":true,"valueName":"search_term_string"}}],"inLanguage":"es"}]}},"_links":{"self":[{"href":"https:\/\/geo-park.com\/sustainability\/2020\/wp-json\/wp\/v2\/pages\/113","targetHints":{"allow":["GET"]}}],"collection":[{"href":"https:\/\/geo-park.com\/sustainability\/2020\/wp-json\/wp\/v2\/pages"}],"about":[{"href":"https:\/\/geo-park.com\/sustainability\/2020\/wp-json\/wp\/v2\/types\/page"}],"author":[{"embeddable":true,"href":"https:\/\/geo-park.com\/sustainability\/2020\/wp-json\/wp\/v2\/users\/1"}],"replies":[{"embeddable":true,"href":"https:\/\/geo-park.com\/sustainability\/2020\/wp-json\/wp\/v2\/comments?post=113"}],"version-history":[{"count":9,"href":"https:\/\/geo-park.com\/sustainability\/2020\/wp-json\/wp\/v2\/pages\/113\/revisions"}],"predecessor-version":[{"id":1619,"href":"https:\/\/geo-park.com\/sustainability\/2020\/wp-json\/wp\/v2\/pages\/113\/revisions\/1619"}],"wp:featuredmedia":[{"embeddable":true,"href":"https:\/\/geo-park.com\/sustainability\/2020\/wp-json\/wp\/v2\/media\/919"}],"wp:attachment":[{"href":"https:\/\/geo-park.com\/sustainability\/2020\/wp-json\/wp\/v2\/media?parent=113"}],"curies":[{"name":"wp","href":"https:\/\/api.w.org\/{rel}","templated":true}]}}