{"id":137,"date":"2021-09-16T21:35:05","date_gmt":"2021-09-16T21:35:05","guid":{"rendered":"https:\/\/geo-park.com\/sustainability\/2020\/?page_id=137"},"modified":"2021-11-22T21:28:45","modified_gmt":"2021-11-22T21:28:45","slug":"ods-13","status":"publish","type":"page","link":"https:\/\/geo-park.com\/sustainability\/2020\/contribucion-speed-a-los-ods\/ods-13\/","title":{"rendered":"ODS 13"},"content":{"rendered":"<section class=\"l-section wpb_row cont-btnpdf height_auto\"><div class=\"l-section-h i-cf\"><div class=\"g-cols via_grid cols_2-1 laptops-cols_inherit tablets-cols_inherit mobiles-cols_1 valign_top type_default\"><div class=\"wpb_column vc_column_container\"><div class=\"vc_column-inner\"><\/div><\/div><div class=\"wpb_column vc_column_container\"><div class=\"vc_column-inner\"><div class=\"w-btn-wrapper align_none\"><a class=\"w-btn us-btn-style_1 icon_atright\" target=\"_blank\" href=\"https:\/\/geo-park.com\/sustainability\/2020\/pdf\/ods-13.pdf\" rel=\"noopener\"><span class=\"w-btn-label\">Descarga<\/span><i class=\"far fa-arrow-down\"><\/i><\/a><\/div><\/div><\/div><\/div><\/div><\/section><section class=\"l-section wpb_row cont-introods height_small\"><div class=\"l-section-h i-cf\"><div class=\"g-cols via_grid cols_2-1 laptops-cols_inherit tablets-cols_inherit mobiles-cols_1 valign_top type_default reversed\"><div class=\"wpb_column vc_column_container\"><div class=\"vc_column-inner\">[vc_custom_heading text=\u00bbAdoptar medidas urgentes para combatir el cambio clim\u00e1tico y sus efectos\u00bb use_theme_fonts=\u00bbyes\u00bb el_class=\u00bbsubtitulos-ods\u00bb]<\/div><\/div><div class=\"wpb_column vc_column_container\"><div class=\"vc_column-inner\">[vc_single_image image=\u00bb1671&#8243; img_size=\u00bb\u00bb alignment=\u00bbcenter\u00bb el_class=\u00bbimg-ods\u00bb]<\/div><\/div><\/div><\/div><\/section><section class=\"l-section wpb_row height_small\"><div class=\"l-section-h i-cf\"><div class=\"g-cols via_grid cols_2-1 laptops-cols_inherit tablets-cols_inherit mobiles-cols_1 valign_top type_default\"><div class=\"wpb_column vc_column_container\"><div class=\"vc_column-inner\"><div class=\"w-iconbox icoboxside-top sideIco iconpos_left style_default color_primary align_left no_title icontype_img\"><div class=\"w-iconbox-icon\"><img loading=\"lazy\" decoding=\"async\" width=\"834\" height=\"834\" src=\"https:\/\/geo-park.com\/sustainability\/2020\/wp-content\/uploads\/2021\/11\/ico-interior_ODS-BANDERA-LINEAS.png\" class=\"attachment-full size-full\" alt=\"\" srcset=\"https:\/\/geo-park.com\/sustainability\/2020\/wp-content\/uploads\/2021\/11\/ico-interior_ODS-BANDERA-LINEAS.png 834w, https:\/\/geo-park.com\/sustainability\/2020\/wp-content\/uploads\/2021\/11\/ico-interior_ODS-BANDERA-LINEAS-300x300.png 300w, https:\/\/geo-park.com\/sustainability\/2020\/wp-content\/uploads\/2021\/11\/ico-interior_ODS-BANDERA-LINEAS-150x150.png 150w, https:\/\/geo-park.com\/sustainability\/2020\/wp-content\/uploads\/2021\/11\/ico-interior_ODS-BANDERA-LINEAS-400x400.png 400w\" sizes=\"auto, (max-width: 834px) 100vw, 834px\" \/><\/div><div class=\"w-iconbox-meta\"><div class=\"w-iconbox-text\"><p>En GeoPark continuamos con la ejecuci\u00f3n de importantes iniciativas y el impulso a nuevos proyectos para lograr el prop\u00f3sito de mitigaci\u00f3n de emisiones de Gases de Efecto Invernadero (GEI) y su adecuada gesti\u00f3n.<\/p>\n<\/div><\/div><\/div><div class=\"w-iconbox icobox-bandera iconpos_left style_default color_primary align_left no_title icontype_img\"><div class=\"w-iconbox-icon\" style=\"font-size:2rem;\"><svg id=\"Capa_1\" data-name=\"Capa 1\" xmlns=\"http:\/\/www.w3.org\/2000\/svg\" xmlns:xlink=\"http:\/\/www.w3.org\/1999\/xlink\" viewBox=\"0 0 200 200\"><defs><style>.cls-1{fill:none;}.cls-2{clip-path:url(#clip-path);}.cls-3{fill:#b2293d;}<\/style><clipPath id=\"clip-path\"><rect class=\"cls-1\" x=\"-5\" y=\"-5\" width=\"210\" height=\"210\"\/><\/clipPath><\/defs><title>ico-interior<\/title><g class=\"cls-2\"><path class=\"cls-3\" d=\"M155.52,103.13l-8.14-4.52c.07-1.07.11-2.15.11-3.22s0-2.15-.11-3.22l8.14-4.52A2.29,2.29,0,0,0,156.63,85l-2.22-8.31A2.36,2.36,0,0,0,152.15,75l-9.35.15a47.34,47.34,0,0,0-3.22-5.53l4.82-8a2.3,2.3,0,0,0-.34-2.81L138,52.71a2.31,2.31,0,0,0-2.81-.35l-8,4.82A46.57,46.57,0,0,0,121.59,54l.16-9.35A2.31,2.31,0,0,0,120,42.36l-8.31-2.23a2.3,2.3,0,0,0-2.61,1.11l-4.52,8.15a46.14,46.14,0,0,0-6.44,0l-4.53-8.15A2.3,2.3,0,0,0,91,40.13l-8.31,2.23A2.31,2.31,0,0,0,81,44.62L81.16,54a46.45,46.45,0,0,0-5.53,3.21l-8-4.82a2.31,2.31,0,0,0-2.82.35L58.7,58.8a2.28,2.28,0,0,0-.34,2.81l4.81,8A45.88,45.88,0,0,0,60,75.17L50.61,75a2.34,2.34,0,0,0-2.26,1.71L46.12,85a2.29,2.29,0,0,0,1.11,2.61l8.14,4.52c-.07,1.08-.11,2.15-.11,3.22s0,2.15.11,3.22l-8.14,4.52a2.29,2.29,0,0,0-1.11,2.61l2.23,8.31a2.26,2.26,0,0,0,2.26,1.71L60,115.6a45.24,45.24,0,0,0,3.21,5.54l-4.81,8A2.3,2.3,0,0,0,58.7,132l6.08,6.08a2.31,2.31,0,0,0,2.82.34l9.31-5.59a2.3,2.3,0,0,0-2.37-3.95l-7.77,4.67L63.23,130l4.66-7.77a2.28,2.28,0,0,0-.11-2.54,40.88,40.88,0,0,1-4.26-7.36A2.37,2.37,0,0,0,61.37,111l-9,.16L51,106.29l7.87-4.38a2.28,2.28,0,0,0,1.18-2.24c-.14-1.42-.21-2.86-.21-4.28s.07-2.85.21-4.28a2.3,2.3,0,0,0-1.18-2.25L51,84.49l1.29-4.83,9,.15a2.46,2.46,0,0,0,2.15-1.36,41.23,41.23,0,0,1,4.26-7.36,2.28,2.28,0,0,0,.11-2.54l-4.66-7.77,3.54-3.53,7.77,4.66a2.32,2.32,0,0,0,2.54-.11,41.11,41.11,0,0,1,7.35-4.27,2.29,2.29,0,0,0,1.37-2.14l-.15-9,4.82-1.29,4.38,7.88A2.29,2.29,0,0,0,97.1,54.1a43.62,43.62,0,0,1,8.55,0,2.26,2.26,0,0,0,2.25-1.17l4.38-7.88,4.83,1.29-.15,9a2.28,2.28,0,0,0,1.36,2.14,41.54,41.54,0,0,1,7.36,4.27,2.32,2.32,0,0,0,2.54.11L136,57.25l3.53,3.53-4.66,7.77a2.3,2.3,0,0,0,.11,2.54,41.9,41.9,0,0,1,4.27,7.36,2.37,2.37,0,0,0,2.14,1.36l9.05-.15,1.29,4.83-7.88,4.37a2.32,2.32,0,0,0-1.18,2.25,41.65,41.65,0,0,1,0,8.55,2.3,2.3,0,0,0,1.18,2.25l7.88,4.38-1.29,4.83-9.05-.16a2.2,2.2,0,0,0-2.14,1.37,41.54,41.54,0,0,1-4.27,7.36,2.3,2.3,0,0,0-.11,2.54l4.66,7.77L136,133.54l-7.77-4.67a2.3,2.3,0,1,0-2.37,3.95l9.31,5.59a2.3,2.3,0,0,0,2.81-.34l6.09-6.08a2.31,2.31,0,0,0,.34-2.82l-4.82-8a46.65,46.65,0,0,0,3.22-5.54l9.35.16a2.27,2.27,0,0,0,2.26-1.71l2.22-8.31a2.29,2.29,0,0,0-1.11-2.61M118.68,117a9.2,9.2,0,0,0-3.47,7.18v8.15H110.6V107.46l6.68-13.34a2.31,2.31,0,0,0-2.8-3.23l-13.1,4.38L88.27,90.89a2.31,2.31,0,0,0-2.79,3.23l6.67,13.34v24.82h-4.6v-8.15A9.18,9.18,0,0,0,84.07,117a27.68,27.68,0,1,1,34.61,0M96.52,105.89,92.09,97l8.56,2.85a2.28,2.28,0,0,0,1.46,0L110.66,97l-4.43,8.86a2.29,2.29,0,0,0-.24,1v25.36H96.77V106.92a2.3,2.3,0,0,0-.25-1m18.69,40.23a4.61,4.61,0,0,1-4.61,4.6H92.15a4.6,4.6,0,0,1-4.6-4.6v-9.23h27.66Zm-13.83-83a32.26,32.26,0,0,0-20.19,57.44,4.58,4.58,0,0,1,1.74,3.58v22a9.23,9.23,0,0,0,9.22,9.22h2.73a6.88,6.88,0,0,0,13,0h2.73a9.23,9.23,0,0,0,9.22-9.22v-22a4.56,4.56,0,0,1,1.75-3.58,32.26,32.26,0,0,0-20.19-57.44\"\/><\/g><\/svg><\/div><div class=\"w-iconbox-meta\"><div class=\"w-iconbox-text\"><p><strong>Comenzamos con el proceso de viabilidad socioambiental<\/strong> para la ejecuci\u00f3n del proyecto de interconexi\u00f3n el\u00e9ctrica al Sistema Interconectado Nacional de Colombia, cuya matriz de generaci\u00f3n es la sexta m\u00e1s limpia del mundo, con una capacidad instalada mayoritariamente de fuentes renovables de energ\u00eda. Esto nos permitir\u00e1 disminuir el consumo de gas y di\u00e9sel del bloque Llanos 34 y por ende las emisiones de Gases de Efecto Invernadero (GEI).<\/p>\n<\/div><\/div><\/div><div class=\"w-iconbox icobox-bandera iconpos_left style_default color_primary align_left no_title icontype_img\"><div class=\"w-iconbox-icon\" style=\"font-size:2rem;\"><svg id=\"Capa_1\" data-name=\"Capa 1\" xmlns=\"http:\/\/www.w3.org\/2000\/svg\" xmlns:xlink=\"http:\/\/www.w3.org\/1999\/xlink\" viewBox=\"0 0 200 200\"><defs><style>.cls-1{fill:none;}.cls-2{clip-path:url(#clip-path);}.cls-3{fill:#b2293d;}<\/style><clipPath id=\"clip-path\"><rect class=\"cls-1\" x=\"-5\" y=\"-5\" width=\"210\" height=\"210\"\/><\/clipPath><\/defs><title>ico-interior<\/title><g class=\"cls-2\"><path class=\"cls-3\" d=\"M121.28,93.65h17.53a1.72,1.72,0,0,0,0-.46c-1.57-4.27-3.11-8.54-4.75-12.78a1.63,1.63,0,0,0-1.29-.7c-4.21-.06-8.42,0-12.63,0a10.06,10.06,0,0,0-1,.11c.73,4.65,1.44,9.19,2.17,13.86M82,93.67c.73-4.68,1.44-9.27,2.17-14-5.93,0-11.58,0-17.23,0-.33,0-.79.48-.93.84-.64,1.58-1.18,3.2-1.78,4.8-1,2.74-2,5.48-3.07,8.31Zm64.89,21.86c-.15-.49-.26-.91-.41-1.31-1.59-4.36-3.21-8.7-4.75-13.07A1.48,1.48,0,0,0,140,100c-5.49,0-11,0-16.46,0h-1.34c.83,5.29,1.63,10.38,2.44,15.52ZM88.32,93.63H114.9c-.05-.47-.06-.87-.12-1.25-.59-3.81-1.21-7.61-1.74-11.43-.13-1-.47-1.31-1.48-1.3-6.62,0-13.24,0-19.86,0-.43,0-.85,0-1.27.08C89.72,84.44,89,89,88.32,93.63M81,100.13a3.29,3.29,0,0,0-.53-.11c-6.93,0-13.85,0-20.78,0a1.63,1.63,0,0,0-1.14.88c-1.7,4.5-3.34,9-5,13.54-.12.34-.2.7-.31,1.13h24.2c.54,0,1.15.17,1.28-.7.73-4.89,1.49-9.77,2.26-14.75M155,137.43c-.14-.47-.22-.8-.34-1.12-1.63-4.44-3.29-8.85-4.85-13.31a1.47,1.47,0,0,0-1.7-1.13c-7,0-14,0-21.06,0h-1.41c.83,5.29,1.63,10.41,2.44,15.54ZM77.65,122a3,3,0,0,0-.48-.11c-8.51,0-17,0-25.52,0-.83,0-1,.46-1.23,1-1.36,3.75-2.72,7.48-4.07,11.22l-1.19,3.23H75.25c.81-5.15,1.6-10.21,2.4-15.36M116,100.12H87.3c-.79,5.2-1.57,10.28-2.35,15.4h33.37c-.79-5.18-1.58-10.28-2.36-15.4M81.6,137.37h40.09c-.79-5.19-1.58-10.29-2.36-15.33a1.6,1.6,0,0,0-.35-.13q-17.12,0-34.22,0a1.36,1.36,0,0,0-.93.88c-.41,2.19-.73,4.4-1.06,6.61-.39,2.63-.77,5.26-1.17,8m21.7,6.4v18.71h1.4c4.44,0,8.87,0,13.3,0a7,7,0,0,1,1.94.27,3.05,3.05,0,0,1,2,2.91,3.11,3.11,0,0,1-2.13,2.86,7.14,7.14,0,0,1-2,.24q-17.91,0-35.82,0c-.26,0-.53,0-.79,0a3.36,3.36,0,0,1-3.3-3.25,3.32,3.32,0,0,1,3.51-3c4.62,0,9.22,0,13.84,0h1.51V143.77H41.71a3.92,3.92,0,0,1-3.34-1.18,3.58,3.58,0,0,1-.4-3.83Q45.53,118.2,53.05,97.6,57,86.88,60.9,76.15c.8-2.19,1.59-2.74,3.91-2.74h70.32c2.55,0,3.31.53,4.18,2.92q11.41,31.19,22.81,62.38c1.14,3.1-.27,5.06-3.61,5.06H103.3Z\"\/><path class=\"cls-3\" d=\"M54.77,59.27a10.91,10.91,0,0,0,0-21.82,10.91,10.91,0,1,0,0,21.82m0-28.06A17.17,17.17,0,1,1,37.49,48.28,17.17,17.17,0,0,1,54.75,31.21\"\/><\/g><\/svg><\/div><div class=\"w-iconbox-meta\"><div class=\"w-iconbox-text\"><p><strong>Iniciamos el proceso de viabilidad ambiental para la construcci\u00f3n de una granja solar fotovoltaica en nuestro bloque Llanos 34 (Colombia).<\/strong> Esto nos ayudar\u00e1 a diversificar las fuentes de energ\u00eda y reducir las emisiones de GEI.<\/p>\n<\/div><\/div><\/div><div class=\"w-iconbox icobox-bandera iconpos_left style_default color_primary align_left no_title icontype_img\"><div class=\"w-iconbox-icon\" style=\"font-size:2rem;\"><svg id=\"Capa_1\" data-name=\"Capa 1\" xmlns=\"http:\/\/www.w3.org\/2000\/svg\" xmlns:xlink=\"http:\/\/www.w3.org\/1999\/xlink\" viewBox=\"0 0 200 200\"><defs><style>.cls-1{fill:none;}.cls-2{clip-path:url(#clip-path);}.cls-3{fill:#b2293d;}<\/style><clipPath id=\"clip-path\"><rect class=\"cls-1\" x=\"-5\" y=\"-5\" width=\"210\" height=\"210\"\/><\/clipPath><\/defs><title>ico-interior<\/title><g class=\"cls-2\"><path class=\"cls-3\" d=\"M164.38,149.79h13.23V107.48H164.38Zm-128.59.1v-42.4H22.4v39.23c0,3.17,0,3.17,3.2,3.17Zm75.88-90.45,3.77-3.31a25.63,25.63,0,0,0-13.83-5.66v5h-4.8v-5A25.51,25.51,0,0,0,83,56.22l3.64,3.18L83,63.09l-3.18-3.66a24.92,24.92,0,0,0-5.78,13.82h5V78H74.16c.71,11.88,12,24.42,27.94,22.72C116,99.26,124.21,86.86,124.18,78H119.4v-4.8h4.87c.15-4-2.86-11.14-5.82-13.66-1.09,1.15-2.18,2.33-3.3,3.52l-3.48-3.59M40.74,139.71H159.28V117.53H40.74Zm-.06,5v9.82h-23v-52h23v9.9h56v-6.82c-10.63-1.21-18.76-6.4-24-15.79a28.9,28.9,0,0,1-3.08-20.15,30.32,30.32,0,0,1,31.09-24.33c13.76.51,26.45,11.72,28.33,25.3,1.19,8.62-.62,16.48-6,23.38a29.82,29.82,0,0,1-21.19,11.56v6.84h57.5v-9.9h23v52h-22.9v-9.85Z\"\/><\/g><rect class=\"cls-3\" x=\"55.25\" y=\"127.46\" width=\"39.81\" height=\"4.63\"\/><rect class=\"cls-3\" x=\"96.88\" y=\"62.66\" width=\"4.68\" height=\"13.5\"\/><\/svg><\/div><div class=\"w-iconbox-meta\"><div class=\"w-iconbox-text\"><p><strong>Con el fin de disminuir la emisi\u00f3n de GEI,<\/strong> en las operaciones de GeoPark en el bloque Llanos 34 (Colombia)continuamos con la conversi\u00f3n de las calderas de generaci\u00f3n de vapor utilizando gas natural como combustible, inicialmente alimentadas con crudo.<\/p>\n<\/div><\/div><\/div><div class=\"w-iconbox icobox-items iconpos_left style_default color_primary align_left no_title\"><div class=\"w-iconbox-icon\" style=\"font-size:1rem;\"><i class=\"far fa-angle-double-right\"><\/i><\/div><div class=\"w-iconbox-meta\"><div class=\"w-iconbox-text\"><p><strong>Decidimos construir una estrategia corporativa de reducci\u00f3n de gases de efecto invernadero<\/strong> que nos permitir\u00e1 establecer metas e iniciativas concretas, y definir una hoja de ruta en los activos de producci\u00f3n que operamos directamente.<\/p>\n<\/div><\/div><\/div><div class=\"w-iconbox icobox-items iconpos_left style_default color_primary align_left no_title\"><div class=\"w-iconbox-icon\" style=\"font-size:1rem;\"><i class=\"far fa-angle-double-right\"><\/i><\/div><div class=\"w-iconbox-meta\"><div class=\"w-iconbox-text\"><p><strong>Ejecutamos el proyecto de interconexi\u00f3n de los campos m\u00e1s importantes del bloque Llanos 34 (Colombia),<\/strong> a trav\u00e9s de la red el\u00e9ctrica de <strong>34,5 kV;<\/strong> gracias a esto el campo Jacana se conectar\u00e1 al 100% a la red el\u00e9ctrica de este bloque (Centro de Generaci\u00f3n Tigana), lo que a su vez nos permitir\u00e1 disminuir el transporte de gas y las emisiones de GEI asociadas.<\/p>\n<\/div><\/div><\/div><div class=\"w-iconbox icobox-items iconpos_left style_default color_primary align_left no_title\"><div class=\"w-iconbox-icon\" style=\"font-size:1rem;\"><i class=\"far fa-angle-double-right\"><\/i><\/div><div class=\"w-iconbox-meta\"><div class=\"w-iconbox-text\"><p><strong>Construimos y pusimos en operaci\u00f3n la estaci\u00f3n de bombeo y l\u00ednea de flujo anexa en el campo Tigana del bloque Llanos 34 (Colombia),<\/strong> conect\u00e1ndonos a la infraestructura regional para el transporte de crudo desde cualquier yacimiento del bloque Llanos 34. Esta medida permite reducir el transporte de hidrocarburos por carrotanque y sus emisiones de GEI asociadas.<\/p>\n<\/div><\/div><\/div><\/div><\/div><div class=\"wpb_column vc_column_container\"><div class=\"vc_column-inner\"><\/div><\/div><\/div><\/div><\/section><section class=\"l-section wpb_row height_small\"><div class=\"l-section-h i-cf\"><div class=\"g-cols via_grid cols_1 laptops-cols_inherit tablets-cols_inherit mobiles-cols_1 valign_top type_default\"><div class=\"wpb_column vc_column_container\"><div class=\"vc_column-inner\"><div class=\"w-slider style_none fit_scaledown\"><div class=\"w-slider-h\"><div class=\"royalSlider\"><div class=\"rsContent\"><a class=\"rsImg\" data-rsw=\"1280\" data-rsh=\"615\" data-rsBigImg=\"https:\/\/geo-park.com\/sustainability\/2020\/wp-content\/uploads\/2021\/10\/Slider_0008_ODS-13-1.jpg\" href=\"https:\/\/geo-park.com\/sustainability\/2020\/wp-content\/uploads\/2021\/10\/Slider_0008_ODS-13-1.jpg\"><span data-alt=\"\"><\/span><\/a><\/div><div class=\"rsContent\"><a class=\"rsImg\" data-rsw=\"1280\" data-rsh=\"615\" data-rsBigImg=\"https:\/\/geo-park.com\/sustainability\/2020\/wp-content\/uploads\/2021\/10\/Slider_0007_ods-13-3.jpg\" href=\"https:\/\/geo-park.com\/sustainability\/2020\/wp-content\/uploads\/2021\/10\/Slider_0007_ods-13-3.jpg\"><span data-alt=\"\"><\/span><\/a><\/div><\/div><img decoding=\"async\" src=\"https:\/\/geo-park.com\/sustainability\/2020\/wp-content\/uploads\/2021\/10\/Slider_0008_ODS-13-1.jpg\" width=\"1280\" height=\"615\" alt loading=\"lazy\"><\/div><div class=\"w-slider-json\" onclick='return {&quot;loop&quot;:true,&quot;fadeInLoadedSlide&quot;:false,&quot;slidesSpacing&quot;:0,&quot;imageScalePadding&quot;:0,&quot;numImagesToPreload&quot;:2,&quot;arrowsNav&quot;:true,&quot;arrowsNavAutoHide&quot;:false,&quot;transitionType&quot;:&quot;move&quot;,&quot;transitionSpeed&quot;:250,&quot;block&quot;:{&quot;moveEffect&quot;:&quot;none&quot;,&quot;speed&quot;:300},&quot;controlNavigation&quot;:&quot;bullets&quot;,&quot;fullscreen&quot;:{&quot;enabled&quot;:true},&quot;imageScaleMode&quot;:&quot;fit-if-smaller&quot;,&quot;autoScaleSlider&quot;:true,&quot;autoScaleSliderWidth&quot;:1280,&quot;autoScaleSliderHeight&quot;:615,&quot;fitInViewport&quot;:false}'><\/div><\/div><\/div><\/div><\/div><\/div><\/section>\n","protected":false},"excerpt":{"rendered":"Descarga[vc_custom_heading text=\"Adoptar medidas urgentes para combatir el cambio clim\u00e1tico y sus efectos\" use_theme_fonts=\"yes\" el_class=\"subtitulos-ods\"][vc_single_image image=\"1671\" img_size=\"\" alignment=\"center\" el_class=\"img-ods\"]En GeoPark continuamos con la ejecuci\u00f3n de importantes iniciativas y el impulso a nuevos proyectos para lograr el prop\u00f3sito de mitigaci\u00f3n de emisiones de Gases de Efecto Invernadero (GEI) y su adecuada gesti\u00f3n. ico-interiorComenzamos con el proceso de...","protected":false},"author":1,"featured_media":1202,"parent":115,"menu_order":9,"comment_status":"closed","ping_status":"closed","template":"","meta":{"inline_featured_image":false,"footnotes":""},"class_list":["post-137","page","type-page","status-publish","has-post-thumbnail","hentry"],"yoast_head":"<!-- This site is optimized with the Yoast SEO plugin v24.9 - https:\/\/yoast.com\/wordpress\/plugins\/seo\/ -->\n<title>ODS 13 GeoPark - Sustainability Report 2020 GeoPark<\/title>\n<meta name=\"description\" content=\"En GeoPark estamos comprometidos con adoptar medidas urgentes para combatir el cambio clima\u0301tico y sus efectos. Conoce m\u00e1s.\" \/>\n<meta name=\"robots\" content=\"index, follow, max-snippet:-1, max-image-preview:large, max-video-preview:-1\" \/>\n<link rel=\"canonical\" href=\"https:\/\/geo-park.com\/sustainability\/2020\/contribucion-speed-a-los-ods\/ods-13\/\" \/>\n<meta property=\"og:locale\" content=\"es_ES\" \/>\n<meta property=\"og:type\" content=\"article\" \/>\n<meta property=\"og:title\" content=\"ODS 13 GeoPark - Sustainability Report 2020 GeoPark\" \/>\n<meta property=\"og:description\" content=\"En GeoPark estamos comprometidos con adoptar medidas urgentes para combatir el cambio clima\u0301tico y sus efectos. Conoce m\u00e1s.\" \/>\n<meta property=\"og:url\" content=\"https:\/\/geo-park.com\/sustainability\/2020\/contribucion-speed-a-los-ods\/ods-13\/\" \/>\n<meta property=\"og:site_name\" content=\"Sustainability Report 2020 GeoPark\" \/>\n<meta property=\"article:modified_time\" content=\"2021-11-22T21:28:45+00:00\" \/>\n<meta property=\"og:image\" content=\"https:\/\/geo-park.com\/sustainability\/2020\/wp-content\/uploads\/2021\/10\/banner-ODS-13.jpg\" \/>\n\t<meta property=\"og:image:width\" content=\"1280\" \/>\n\t<meta property=\"og:image:height\" content=\"420\" \/>\n\t<meta property=\"og:image:type\" content=\"image\/jpeg\" \/>\n<meta name=\"twitter:card\" content=\"summary_large_image\" \/>\n<meta name=\"twitter:label1\" content=\"Tiempo de lectura\" \/>\n\t<meta name=\"twitter:data1\" content=\"2 minutos\" \/>\n<script type=\"application\/ld+json\" class=\"yoast-schema-graph\">{\"@context\":\"https:\/\/schema.org\",\"@graph\":[{\"@type\":\"WebPage\",\"@id\":\"https:\/\/geo-park.com\/sustainability\/2020\/contribucion-speed-a-los-ods\/ods-13\/\",\"url\":\"https:\/\/geo-park.com\/sustainability\/2020\/contribucion-speed-a-los-ods\/ods-13\/\",\"name\":\"ODS 13 GeoPark - Sustainability Report 2020 GeoPark\",\"isPartOf\":{\"@id\":\"https:\/\/geo-park.com\/sustainability\/2020\/#website\"},\"primaryImageOfPage\":{\"@id\":\"https:\/\/geo-park.com\/sustainability\/2020\/contribucion-speed-a-los-ods\/ods-13\/#primaryimage\"},\"image\":{\"@id\":\"https:\/\/geo-park.com\/sustainability\/2020\/contribucion-speed-a-los-ods\/ods-13\/#primaryimage\"},\"thumbnailUrl\":\"https:\/\/geo-park.com\/sustainability\/2020\/wp-content\/uploads\/2021\/10\/banner-ODS-13.jpg\",\"datePublished\":\"2021-09-16T21:35:05+00:00\",\"dateModified\":\"2021-11-22T21:28:45+00:00\",\"description\":\"En GeoPark estamos comprometidos con adoptar medidas urgentes para combatir el cambio clima\u0301tico y sus efectos. Conoce m\u00e1s.\",\"breadcrumb\":{\"@id\":\"https:\/\/geo-park.com\/sustainability\/2020\/contribucion-speed-a-los-ods\/ods-13\/#breadcrumb\"},\"inLanguage\":\"es\",\"potentialAction\":[{\"@type\":\"ReadAction\",\"target\":[\"https:\/\/geo-park.com\/sustainability\/2020\/contribucion-speed-a-los-ods\/ods-13\/\"]}]},{\"@type\":\"ImageObject\",\"inLanguage\":\"es\",\"@id\":\"https:\/\/geo-park.com\/sustainability\/2020\/contribucion-speed-a-los-ods\/ods-13\/#primaryimage\",\"url\":\"https:\/\/geo-park.com\/sustainability\/2020\/wp-content\/uploads\/2021\/10\/banner-ODS-13.jpg\",\"contentUrl\":\"https:\/\/geo-park.com\/sustainability\/2020\/wp-content\/uploads\/2021\/10\/banner-ODS-13.jpg\",\"width\":1280,\"height\":420},{\"@type\":\"BreadcrumbList\",\"@id\":\"https:\/\/geo-park.com\/sustainability\/2020\/contribucion-speed-a-los-ods\/ods-13\/#breadcrumb\",\"itemListElement\":[{\"@type\":\"ListItem\",\"position\":1,\"name\":\"Inicio\",\"item\":\"https:\/\/geo-park.com\/sustainability\/2020\/\"},{\"@type\":\"ListItem\",\"position\":2,\"name\":\"Contribuci\u00f3n de SPEED a los ODS\",\"item\":\"https:\/\/geo-park.com\/sustainability\/2020\/contribucion-speed-a-los-ods\/\"},{\"@type\":\"ListItem\",\"position\":3,\"name\":\"ODS 13\"}]},{\"@type\":\"WebSite\",\"@id\":\"https:\/\/geo-park.com\/sustainability\/2020\/#website\",\"url\":\"https:\/\/geo-park.com\/sustainability\/2020\/\",\"name\":\"Sustainability Report 2020 GeoPark\",\"description\":\"Just another WordPress site\",\"potentialAction\":[{\"@type\":\"SearchAction\",\"target\":{\"@type\":\"EntryPoint\",\"urlTemplate\":\"https:\/\/geo-park.com\/sustainability\/2020\/?s={search_term_string}\"},\"query-input\":{\"@type\":\"PropertyValueSpecification\",\"valueRequired\":true,\"valueName\":\"search_term_string\"}}],\"inLanguage\":\"es\"}]}<\/script>\n<!-- \/ Yoast SEO plugin. -->","yoast_head_json":{"title":"ODS 13 GeoPark - Sustainability Report 2020 GeoPark","description":"En GeoPark estamos comprometidos con adoptar medidas urgentes para combatir el cambio clima\u0301tico y sus efectos. Conoce m\u00e1s.","robots":{"index":"index","follow":"follow","max-snippet":"max-snippet:-1","max-image-preview":"max-image-preview:large","max-video-preview":"max-video-preview:-1"},"canonical":"https:\/\/geo-park.com\/sustainability\/2020\/contribucion-speed-a-los-ods\/ods-13\/","og_locale":"es_ES","og_type":"article","og_title":"ODS 13 GeoPark - Sustainability Report 2020 GeoPark","og_description":"En GeoPark estamos comprometidos con adoptar medidas urgentes para combatir el cambio clima\u0301tico y sus efectos. Conoce m\u00e1s.","og_url":"https:\/\/geo-park.com\/sustainability\/2020\/contribucion-speed-a-los-ods\/ods-13\/","og_site_name":"Sustainability Report 2020 GeoPark","article_modified_time":"2021-11-22T21:28:45+00:00","og_image":[{"width":1280,"height":420,"url":"https:\/\/geo-park.com\/sustainability\/2020\/wp-content\/uploads\/2021\/10\/banner-ODS-13.jpg","type":"image\/jpeg"}],"twitter_card":"summary_large_image","twitter_misc":{"Tiempo de lectura":"2 minutos"},"schema":{"@context":"https:\/\/schema.org","@graph":[{"@type":"WebPage","@id":"https:\/\/geo-park.com\/sustainability\/2020\/contribucion-speed-a-los-ods\/ods-13\/","url":"https:\/\/geo-park.com\/sustainability\/2020\/contribucion-speed-a-los-ods\/ods-13\/","name":"ODS 13 GeoPark - Sustainability Report 2020 GeoPark","isPartOf":{"@id":"https:\/\/geo-park.com\/sustainability\/2020\/#website"},"primaryImageOfPage":{"@id":"https:\/\/geo-park.com\/sustainability\/2020\/contribucion-speed-a-los-ods\/ods-13\/#primaryimage"},"image":{"@id":"https:\/\/geo-park.com\/sustainability\/2020\/contribucion-speed-a-los-ods\/ods-13\/#primaryimage"},"thumbnailUrl":"https:\/\/geo-park.com\/sustainability\/2020\/wp-content\/uploads\/2021\/10\/banner-ODS-13.jpg","datePublished":"2021-09-16T21:35:05+00:00","dateModified":"2021-11-22T21:28:45+00:00","description":"En GeoPark estamos comprometidos con adoptar medidas urgentes para combatir el cambio clima\u0301tico y sus efectos. Conoce m\u00e1s.","breadcrumb":{"@id":"https:\/\/geo-park.com\/sustainability\/2020\/contribucion-speed-a-los-ods\/ods-13\/#breadcrumb"},"inLanguage":"es","potentialAction":[{"@type":"ReadAction","target":["https:\/\/geo-park.com\/sustainability\/2020\/contribucion-speed-a-los-ods\/ods-13\/"]}]},{"@type":"ImageObject","inLanguage":"es","@id":"https:\/\/geo-park.com\/sustainability\/2020\/contribucion-speed-a-los-ods\/ods-13\/#primaryimage","url":"https:\/\/geo-park.com\/sustainability\/2020\/wp-content\/uploads\/2021\/10\/banner-ODS-13.jpg","contentUrl":"https:\/\/geo-park.com\/sustainability\/2020\/wp-content\/uploads\/2021\/10\/banner-ODS-13.jpg","width":1280,"height":420},{"@type":"BreadcrumbList","@id":"https:\/\/geo-park.com\/sustainability\/2020\/contribucion-speed-a-los-ods\/ods-13\/#breadcrumb","itemListElement":[{"@type":"ListItem","position":1,"name":"Inicio","item":"https:\/\/geo-park.com\/sustainability\/2020\/"},{"@type":"ListItem","position":2,"name":"Contribuci\u00f3n de SPEED a los ODS","item":"https:\/\/geo-park.com\/sustainability\/2020\/contribucion-speed-a-los-ods\/"},{"@type":"ListItem","position":3,"name":"ODS 13"}]},{"@type":"WebSite","@id":"https:\/\/geo-park.com\/sustainability\/2020\/#website","url":"https:\/\/geo-park.com\/sustainability\/2020\/","name":"Sustainability Report 2020 GeoPark","description":"Just another WordPress site","potentialAction":[{"@type":"SearchAction","target":{"@type":"EntryPoint","urlTemplate":"https:\/\/geo-park.com\/sustainability\/2020\/?s={search_term_string}"},"query-input":{"@type":"PropertyValueSpecification","valueRequired":true,"valueName":"search_term_string"}}],"inLanguage":"es"}]}},"_links":{"self":[{"href":"https:\/\/geo-park.com\/sustainability\/2020\/wp-json\/wp\/v2\/pages\/137","targetHints":{"allow":["GET"]}}],"collection":[{"href":"https:\/\/geo-park.com\/sustainability\/2020\/wp-json\/wp\/v2\/pages"}],"about":[{"href":"https:\/\/geo-park.com\/sustainability\/2020\/wp-json\/wp\/v2\/types\/page"}],"author":[{"embeddable":true,"href":"https:\/\/geo-park.com\/sustainability\/2020\/wp-json\/wp\/v2\/users\/1"}],"replies":[{"embeddable":true,"href":"https:\/\/geo-park.com\/sustainability\/2020\/wp-json\/wp\/v2\/comments?post=137"}],"version-history":[{"count":18,"href":"https:\/\/geo-park.com\/sustainability\/2020\/wp-json\/wp\/v2\/pages\/137\/revisions"}],"predecessor-version":[{"id":2061,"href":"https:\/\/geo-park.com\/sustainability\/2020\/wp-json\/wp\/v2\/pages\/137\/revisions\/2061"}],"up":[{"embeddable":true,"href":"https:\/\/geo-park.com\/sustainability\/2020\/wp-json\/wp\/v2\/pages\/115"}],"wp:featuredmedia":[{"embeddable":true,"href":"https:\/\/geo-park.com\/sustainability\/2020\/wp-json\/wp\/v2\/media\/1202"}],"wp:attachment":[{"href":"https:\/\/geo-park.com\/sustainability\/2020\/wp-json\/wp\/v2\/media?parent=137"}],"curies":[{"name":"wp","href":"https:\/\/api.w.org\/{rel}","templated":true}]}}