{"id":49,"date":"2021-09-16T20:50:33","date_gmt":"2021-09-16T20:50:33","guid":{"rendered":"https:\/\/geo-park.com\/sustainability\/2020\/?page_id=49"},"modified":"2021-10-29T20:46:45","modified_gmt":"2021-10-29T20:46:45","slug":"nuestros-resultados-2020","status":"publish","type":"page","link":"https:\/\/geo-park.com\/sustainability\/2020\/seguridad-y-salud\/nuestros-resultados-2020\/","title":{"rendered":"Nuestros resultados 2020"},"content":{"rendered":"<section class=\"l-section wpb_row height_small\"><div class=\"l-section-h i-cf\"><div class=\"g-cols via_grid cols_2-1 laptops-cols_inherit tablets-cols_inherit mobiles-cols_1 valign_top type_default\"><div class=\"wpb_column vc_column_container\"><div class=\"vc_column-inner\"><div class=\"w-iconbox icobox-items iconpos_left style_default color_primary align_left no_title\"><div class=\"w-iconbox-icon\" style=\"font-size:1rem;\"><i class=\"far fa-angle-double-right\"><\/i><\/div><div class=\"w-iconbox-meta\"><div class=\"w-iconbox-text\"><p>Basados en el ciclo del POP llevamos a cabo campa\u00f1as en los sitios de trabajo para optimizar la capacidad de detecci\u00f3n de oportunidades. Tambi\u00e9n reforzamos las observaciones relacionadas con el cumplimiento de protocolos frente al COVID-19. <\/p>\n<\/div><\/div><\/div><div class=\"w-iconbox icobox-items iconpos_left style_default color_primary align_left no_title\"><div class=\"w-iconbox-icon\" style=\"font-size:1rem;\"><i class=\"far fa-angle-double-right\"><\/i><\/div><div class=\"w-iconbox-meta\"><div class=\"w-iconbox-text\"><p>Fortalecimos permanentemente la aplicaci\u00f3n de la ADA en todos los bloques de operaciones. Este mensaje ha sido llevado por la l\u00ednea de supervisi\u00f3n durante las reuniones de liderazgo y fueron reconocidas las ADA m\u00e1s significativas en cada bloque de la Compa\u00f1\u00eda.<\/p>\n<\/div><\/div><\/div><div class=\"w-iconbox icobox-items iconpos_left style_default color_primary align_left no_title\"><div class=\"w-iconbox-icon\" style=\"font-size:1rem;\"><i class=\"far fa-angle-double-right\"><\/i><\/div><div class=\"w-iconbox-meta\"><div class=\"w-iconbox-text\"><p>Llevamos a cabo 30.503 an\u00e1lisis de riesgos y 17.991 inspecciones, que han ayudado a fortalecer la base de la pir\u00e1mide de prevenci\u00f3n de accidentalidad.<\/p>\n<\/div><\/div><\/div><div class=\"w-iconbox icobox-items iconpos_left style_default color_primary align_left no_title\"><div class=\"w-iconbox-icon\" style=\"font-size:1rem;\"><i class=\"far fa-angle-double-right\"><\/i><\/div><div class=\"w-iconbox-meta\"><div class=\"w-iconbox-text\"><p>Enfocamos las actividades de profundizaci\u00f3n del modelo del Plan Maestro de Continuidad del Negocio en capacitar a los Equipos de Gesti\u00f3n de Continuidad (EGC), conformados de acuerdo con el nuevo Modelo de Negocios de la Compa\u00f1\u00eda. Todos los gerentes de activos con sus equipos de soporte para la atenci\u00f3n y el afrontamiento de eventos disruptivos participaron de los entrenamientos.<\/p>\n<\/div><\/div><\/div><div class=\"w-iconbox icobox-items iconpos_left style_default color_primary align_left no_title\"><div class=\"w-iconbox-icon\" style=\"font-size:1rem;\"><i class=\"far fa-angle-double-right\"><\/i><\/div><div class=\"w-iconbox-meta\"><div class=\"w-iconbox-text\"><p>Avanzamos en el programa de salud ocupacional y de vigilancia epidemiol\u00f3gica, con foco en iniciativas de conservaci\u00f3n auditiva, exposici\u00f3n a hidrocarburos respirables, prevenci\u00f3n de exposici\u00f3n a rayos UV y riesgos psicosociales.<\/p>\n<\/div><\/div><\/div><div class=\"w-iconbox icobox-items iconpos_left style_default color_primary align_left no_title\"><div class=\"w-iconbox-icon\" style=\"font-size:1rem;\"><i class=\"far fa-angle-double-right\"><\/i><\/div><div class=\"w-iconbox-meta\"><div class=\"w-iconbox-text\"><p>Implementamos programas y herramientas en las nuevas operaciones de la Compa\u00f1\u00eda (Activo Putumayo) que nos permitieron fortalecer los compromisos y la participaci\u00f3n de todas las partes interesadas. Con la aplicaci\u00f3n de las herramientas POP, ADA, SOS e IRIS, logramos actividades m\u00e1s seguras, guiadas hacia la cultura del autocuidado, la prevenci\u00f3n de lesiones, la protecci\u00f3n del medioambiente y la preservaci\u00f3n de los activos.<\/p>\n<\/div><\/div><\/div><div class=\"w-iconbox icobox-items iconpos_left style_default color_primary align_left no_title\"><div class=\"w-iconbox-icon\" style=\"font-size:1rem;\"><i class=\"far fa-angle-double-right\"><\/i><\/div><div class=\"w-iconbox-meta\"><div class=\"w-iconbox-text\"><p>Continuamos con las actividades del programa \u201cYo le apuesto a la seguridad vial\u201d e iniciamos su implementaci\u00f3n en las operaciones del Activo Putumayo, buscando disminuir o eliminar la posibilidad de ocurrencia de incidentes viales, con el fin de proteger a peatones, comunidad, empleados y conductores.<\/p>\n<\/div><\/div><\/div><\/div><\/div><div class=\"wpb_column vc_column_container\"><div class=\"vc_column-inner\"><\/div><\/div><\/div><\/div><\/section>\n","protected":false},"excerpt":{"rendered":"Basados en el ciclo del POP llevamos a cabo campa\u00f1as en los sitios de trabajo para optimizar la capacidad de detecci\u00f3n de oportunidades. Tambi\u00e9n reforzamos las observaciones relacionadas con el cumplimiento de protocolos frente al COVID-19. Fortalecimos permanentemente la aplicaci\u00f3n de la ADA en todos los bloques de operaciones. Este mensaje ha sido llevado por...","protected":false},"author":1,"featured_media":889,"parent":39,"menu_order":4,"comment_status":"closed","ping_status":"closed","template":"","meta":{"inline_featured_image":false,"footnotes":""},"class_list":["post-49","page","type-page","status-publish","has-post-thumbnail","hentry"],"yoast_head":"<!-- This site is optimized with the Yoast SEO plugin v24.9 - https:\/\/yoast.com\/wordpress\/plugins\/seo\/ -->\n<title>Nuestros resultados 2020 GeoPark - Sustainability Report 2020 GeoPark<\/title>\n<meta name=\"description\" content=\"Visita la p\u00e1gina web de GeoPark para conocer los resultados del plan de capacitaci\u00f3n y sensibilizaci\u00f3n implementado en 2020.\" \/>\n<meta name=\"robots\" content=\"index, follow, max-snippet:-1, max-image-preview:large, max-video-preview:-1\" \/>\n<link rel=\"canonical\" href=\"https:\/\/geo-park.com\/sustainability\/2020\/seguridad-y-salud\/nuestros-resultados-2020\/\" \/>\n<meta property=\"og:locale\" content=\"es_ES\" \/>\n<meta property=\"og:type\" content=\"article\" \/>\n<meta property=\"og:title\" content=\"Nuestros resultados 2020 GeoPark - Sustainability Report 2020 GeoPark\" \/>\n<meta property=\"og:description\" content=\"Visita la p\u00e1gina web de GeoPark para conocer los resultados del plan de capacitaci\u00f3n y sensibilizaci\u00f3n implementado en 2020.\" \/>\n<meta property=\"og:url\" content=\"https:\/\/geo-park.com\/sustainability\/2020\/seguridad-y-salud\/nuestros-resultados-2020\/\" \/>\n<meta property=\"og:site_name\" content=\"Sustainability Report 2020 GeoPark\" \/>\n<meta property=\"article:modified_time\" content=\"2021-10-29T20:46:45+00:00\" \/>\n<meta property=\"og:image\" content=\"https:\/\/geo-park.com\/sustainability\/2020\/wp-content\/uploads\/2021\/10\/banner-interno-Seguridad-y-salud-Nuestros-resultados.jpg\" \/>\n\t<meta property=\"og:image:width\" content=\"1280\" \/>\n\t<meta property=\"og:image:height\" content=\"420\" \/>\n\t<meta property=\"og:image:type\" content=\"image\/jpeg\" \/>\n<meta name=\"twitter:card\" content=\"summary_large_image\" \/>\n<meta name=\"twitter:label1\" content=\"Tiempo de lectura\" \/>\n\t<meta name=\"twitter:data1\" content=\"2 minutos\" \/>\n<script type=\"application\/ld+json\" class=\"yoast-schema-graph\">{\"@context\":\"https:\/\/schema.org\",\"@graph\":[{\"@type\":\"WebPage\",\"@id\":\"https:\/\/geo-park.com\/sustainability\/2020\/seguridad-y-salud\/nuestros-resultados-2020\/\",\"url\":\"https:\/\/geo-park.com\/sustainability\/2020\/seguridad-y-salud\/nuestros-resultados-2020\/\",\"name\":\"Nuestros resultados 2020 GeoPark - Sustainability Report 2020 GeoPark\",\"isPartOf\":{\"@id\":\"https:\/\/geo-park.com\/sustainability\/2020\/#website\"},\"primaryImageOfPage\":{\"@id\":\"https:\/\/geo-park.com\/sustainability\/2020\/seguridad-y-salud\/nuestros-resultados-2020\/#primaryimage\"},\"image\":{\"@id\":\"https:\/\/geo-park.com\/sustainability\/2020\/seguridad-y-salud\/nuestros-resultados-2020\/#primaryimage\"},\"thumbnailUrl\":\"https:\/\/geo-park.com\/sustainability\/2020\/wp-content\/uploads\/2021\/10\/banner-interno-Seguridad-y-salud-Nuestros-resultados.jpg\",\"datePublished\":\"2021-09-16T20:50:33+00:00\",\"dateModified\":\"2021-10-29T20:46:45+00:00\",\"description\":\"Visita la p\u00e1gina web de GeoPark para conocer los resultados del plan de capacitaci\u00f3n y sensibilizaci\u00f3n implementado en 2020.\",\"breadcrumb\":{\"@id\":\"https:\/\/geo-park.com\/sustainability\/2020\/seguridad-y-salud\/nuestros-resultados-2020\/#breadcrumb\"},\"inLanguage\":\"es\",\"potentialAction\":[{\"@type\":\"ReadAction\",\"target\":[\"https:\/\/geo-park.com\/sustainability\/2020\/seguridad-y-salud\/nuestros-resultados-2020\/\"]}]},{\"@type\":\"ImageObject\",\"inLanguage\":\"es\",\"@id\":\"https:\/\/geo-park.com\/sustainability\/2020\/seguridad-y-salud\/nuestros-resultados-2020\/#primaryimage\",\"url\":\"https:\/\/geo-park.com\/sustainability\/2020\/wp-content\/uploads\/2021\/10\/banner-interno-Seguridad-y-salud-Nuestros-resultados.jpg\",\"contentUrl\":\"https:\/\/geo-park.com\/sustainability\/2020\/wp-content\/uploads\/2021\/10\/banner-interno-Seguridad-y-salud-Nuestros-resultados.jpg\",\"width\":1280,\"height\":420},{\"@type\":\"BreadcrumbList\",\"@id\":\"https:\/\/geo-park.com\/sustainability\/2020\/seguridad-y-salud\/nuestros-resultados-2020\/#breadcrumb\",\"itemListElement\":[{\"@type\":\"ListItem\",\"position\":1,\"name\":\"Inicio\",\"item\":\"https:\/\/geo-park.com\/sustainability\/2020\/\"},{\"@type\":\"ListItem\",\"position\":2,\"name\":\"Seguridad y Salud\",\"item\":\"https:\/\/geo-park.com\/sustainability\/2020\/seguridad-y-salud\/\"},{\"@type\":\"ListItem\",\"position\":3,\"name\":\"Nuestros resultados 2020\"}]},{\"@type\":\"WebSite\",\"@id\":\"https:\/\/geo-park.com\/sustainability\/2020\/#website\",\"url\":\"https:\/\/geo-park.com\/sustainability\/2020\/\",\"name\":\"Sustainability Report 2020 GeoPark\",\"description\":\"Just another WordPress site\",\"potentialAction\":[{\"@type\":\"SearchAction\",\"target\":{\"@type\":\"EntryPoint\",\"urlTemplate\":\"https:\/\/geo-park.com\/sustainability\/2020\/?s={search_term_string}\"},\"query-input\":{\"@type\":\"PropertyValueSpecification\",\"valueRequired\":true,\"valueName\":\"search_term_string\"}}],\"inLanguage\":\"es\"}]}<\/script>\n<!-- \/ Yoast SEO plugin. -->","yoast_head_json":{"title":"Nuestros resultados 2020 GeoPark - Sustainability Report 2020 GeoPark","description":"Visita la p\u00e1gina web de GeoPark para conocer los resultados del plan de capacitaci\u00f3n y sensibilizaci\u00f3n implementado en 2020.","robots":{"index":"index","follow":"follow","max-snippet":"max-snippet:-1","max-image-preview":"max-image-preview:large","max-video-preview":"max-video-preview:-1"},"canonical":"https:\/\/geo-park.com\/sustainability\/2020\/seguridad-y-salud\/nuestros-resultados-2020\/","og_locale":"es_ES","og_type":"article","og_title":"Nuestros resultados 2020 GeoPark - Sustainability Report 2020 GeoPark","og_description":"Visita la p\u00e1gina web de GeoPark para conocer los resultados del plan de capacitaci\u00f3n y sensibilizaci\u00f3n implementado en 2020.","og_url":"https:\/\/geo-park.com\/sustainability\/2020\/seguridad-y-salud\/nuestros-resultados-2020\/","og_site_name":"Sustainability Report 2020 GeoPark","article_modified_time":"2021-10-29T20:46:45+00:00","og_image":[{"width":1280,"height":420,"url":"https:\/\/geo-park.com\/sustainability\/2020\/wp-content\/uploads\/2021\/10\/banner-interno-Seguridad-y-salud-Nuestros-resultados.jpg","type":"image\/jpeg"}],"twitter_card":"summary_large_image","twitter_misc":{"Tiempo de lectura":"2 minutos"},"schema":{"@context":"https:\/\/schema.org","@graph":[{"@type":"WebPage","@id":"https:\/\/geo-park.com\/sustainability\/2020\/seguridad-y-salud\/nuestros-resultados-2020\/","url":"https:\/\/geo-park.com\/sustainability\/2020\/seguridad-y-salud\/nuestros-resultados-2020\/","name":"Nuestros resultados 2020 GeoPark - Sustainability Report 2020 GeoPark","isPartOf":{"@id":"https:\/\/geo-park.com\/sustainability\/2020\/#website"},"primaryImageOfPage":{"@id":"https:\/\/geo-park.com\/sustainability\/2020\/seguridad-y-salud\/nuestros-resultados-2020\/#primaryimage"},"image":{"@id":"https:\/\/geo-park.com\/sustainability\/2020\/seguridad-y-salud\/nuestros-resultados-2020\/#primaryimage"},"thumbnailUrl":"https:\/\/geo-park.com\/sustainability\/2020\/wp-content\/uploads\/2021\/10\/banner-interno-Seguridad-y-salud-Nuestros-resultados.jpg","datePublished":"2021-09-16T20:50:33+00:00","dateModified":"2021-10-29T20:46:45+00:00","description":"Visita la p\u00e1gina web de GeoPark para conocer los resultados del plan de capacitaci\u00f3n y sensibilizaci\u00f3n implementado en 2020.","breadcrumb":{"@id":"https:\/\/geo-park.com\/sustainability\/2020\/seguridad-y-salud\/nuestros-resultados-2020\/#breadcrumb"},"inLanguage":"es","potentialAction":[{"@type":"ReadAction","target":["https:\/\/geo-park.com\/sustainability\/2020\/seguridad-y-salud\/nuestros-resultados-2020\/"]}]},{"@type":"ImageObject","inLanguage":"es","@id":"https:\/\/geo-park.com\/sustainability\/2020\/seguridad-y-salud\/nuestros-resultados-2020\/#primaryimage","url":"https:\/\/geo-park.com\/sustainability\/2020\/wp-content\/uploads\/2021\/10\/banner-interno-Seguridad-y-salud-Nuestros-resultados.jpg","contentUrl":"https:\/\/geo-park.com\/sustainability\/2020\/wp-content\/uploads\/2021\/10\/banner-interno-Seguridad-y-salud-Nuestros-resultados.jpg","width":1280,"height":420},{"@type":"BreadcrumbList","@id":"https:\/\/geo-park.com\/sustainability\/2020\/seguridad-y-salud\/nuestros-resultados-2020\/#breadcrumb","itemListElement":[{"@type":"ListItem","position":1,"name":"Inicio","item":"https:\/\/geo-park.com\/sustainability\/2020\/"},{"@type":"ListItem","position":2,"name":"Seguridad y Salud","item":"https:\/\/geo-park.com\/sustainability\/2020\/seguridad-y-salud\/"},{"@type":"ListItem","position":3,"name":"Nuestros resultados 2020"}]},{"@type":"WebSite","@id":"https:\/\/geo-park.com\/sustainability\/2020\/#website","url":"https:\/\/geo-park.com\/sustainability\/2020\/","name":"Sustainability Report 2020 GeoPark","description":"Just another WordPress site","potentialAction":[{"@type":"SearchAction","target":{"@type":"EntryPoint","urlTemplate":"https:\/\/geo-park.com\/sustainability\/2020\/?s={search_term_string}"},"query-input":{"@type":"PropertyValueSpecification","valueRequired":true,"valueName":"search_term_string"}}],"inLanguage":"es"}]}},"_links":{"self":[{"href":"https:\/\/geo-park.com\/sustainability\/2020\/wp-json\/wp\/v2\/pages\/49","targetHints":{"allow":["GET"]}}],"collection":[{"href":"https:\/\/geo-park.com\/sustainability\/2020\/wp-json\/wp\/v2\/pages"}],"about":[{"href":"https:\/\/geo-park.com\/sustainability\/2020\/wp-json\/wp\/v2\/types\/page"}],"author":[{"embeddable":true,"href":"https:\/\/geo-park.com\/sustainability\/2020\/wp-json\/wp\/v2\/users\/1"}],"replies":[{"embeddable":true,"href":"https:\/\/geo-park.com\/sustainability\/2020\/wp-json\/wp\/v2\/comments?post=49"}],"version-history":[{"count":4,"href":"https:\/\/geo-park.com\/sustainability\/2020\/wp-json\/wp\/v2\/pages\/49\/revisions"}],"predecessor-version":[{"id":579,"href":"https:\/\/geo-park.com\/sustainability\/2020\/wp-json\/wp\/v2\/pages\/49\/revisions\/579"}],"up":[{"embeddable":true,"href":"https:\/\/geo-park.com\/sustainability\/2020\/wp-json\/wp\/v2\/pages\/39"}],"wp:featuredmedia":[{"embeddable":true,"href":"https:\/\/geo-park.com\/sustainability\/2020\/wp-json\/wp\/v2\/media\/889"}],"wp:attachment":[{"href":"https:\/\/geo-park.com\/sustainability\/2020\/wp-json\/wp\/v2\/media?parent=49"}],"curies":[{"name":"wp","href":"https:\/\/api.w.org\/{rel}","templated":true}]}}