{"id":63,"date":"2021-09-16T20:56:51","date_gmt":"2021-09-16T20:56:51","guid":{"rendered":"https:\/\/geo-park.com\/sustainability\/2020\/?page_id=63"},"modified":"2021-10-29T20:47:13","modified_gmt":"2021-10-29T20:47:13","slug":"nuevos-negocios","status":"publish","type":"page","link":"https:\/\/geo-park.com\/sustainability\/2020\/prosperidad\/nuevos-negocios\/","title":{"rendered":"Nuevos negocios"},"content":{"rendered":"<section class=\"l-section wpb_row height_small\"><div class=\"l-section-h i-cf\"><div class=\"g-cols via_grid cols_2-1 laptops-cols_inherit tablets-cols_inherit mobiles-cols_1 valign_top type_default\"><div class=\"wpb_column vc_column_container\"><div class=\"vc_column-inner\"><div class=\"wpb_text_column\"><div class=\"wpb_wrapper\"><p>La gesti\u00f3n de Nuevos Negocios nos ayuda a asegurar que en GeoPark siempre tengamos un portafolio de activos balanceado que aporte al crecimiento continuo de nuestra Compa\u00f1\u00eda.<\/p>\n<p><span class=\"txt-gri\">(103-1)<\/span> El crecimiento inorg\u00e1nico tiene una contribuci\u00f3n directa en la gesti\u00f3n de la prosperidad de nuestra Compa\u00f1\u00eda, mediante la constante incorporaci\u00f3n de activos que generan valor de largo plazo para nuestros accionistas y dem\u00e1s grupos de inter\u00e9s.<\/p>\n<p>Mantenemos constante comunicaci\u00f3n con los diferentes actores del mercado de hidrocarburos, entre ellos las empresas estatales, los entes regulatorios, pares de la industria y bancos de inversi\u00f3n, ya que todos ellos pueden representar oportunidades que nos ayudan a crear valor.<\/p>\n<p><span class=\"txt-gri\">(103-2)<\/span> La gesti\u00f3n de Nuevos Negocios en GeoPark forma parte integral de la estrategia corporativa de la Compa\u00f1\u00eda, dado que contribuye a la formulaci\u00f3n y consecuci\u00f3n de los planes de largo plazo. Desde esta gesti\u00f3n definimos, por ejemplo, las cuencas y conceptos geol\u00f3gicos de la regi\u00f3n en los cuales queremos explorar nuevas oportunidades.<\/p>\n<p>Buscamos mantener un portafolio \u00f3ptimo, para lo cual definimos activos en los cuales es oportuno desinvertir, e identificamos nuevos socios estrat\u00e9gicos que aporten conocimiento o capital para balancear el riesgo de nuestra Compa\u00f1\u00eda.<\/p>\n<p><span class=\"txt-gri\">(103-3)<\/span> Durante 2020 supimos aprovechar las oportunidades que se presentaron en el sector para optimizar nuestro portafolio acordando la desinversi\u00f3n de dos de nuestros activos no centrales ubicados en Brasil. Esto nos permite concentrarnos en los bloques de mayor generaci\u00f3n de valor para nuestros accionistas, al mismo tiempo que obtenemos fondos para continuar creciendo.<\/p>\n<\/div><\/div><\/div><\/div><div class=\"wpb_column vc_column_container\"><div class=\"vc_column-inner\"><\/div><\/div><\/div><\/div><\/section>\n","protected":false},"excerpt":{"rendered":"La gesti\u00f3n de Nuevos Negocios nos ayuda a asegurar que en GeoPark siempre tengamos un portafolio de activos balanceado que aporte al crecimiento continuo de nuestra Compa\u00f1\u00eda. (103-1) El crecimiento inorg\u00e1nico tiene una contribuci\u00f3n directa en la gesti\u00f3n de la prosperidad de nuestra Compa\u00f1\u00eda, mediante la constante incorporaci\u00f3n de activos que generan valor de largo...","protected":false},"author":1,"featured_media":946,"parent":53,"menu_order":3,"comment_status":"closed","ping_status":"closed","template":"","meta":{"inline_featured_image":false,"footnotes":""},"class_list":["post-63","page","type-page","status-publish","has-post-thumbnail","hentry"],"yoast_head":"<!-- This site is optimized with the Yoast SEO plugin v24.9 - https:\/\/yoast.com\/wordpress\/plugins\/seo\/ -->\n<title>Nuevos negocios GeoPark - Sustainability Report 2020 GeoPark<\/title>\n<meta name=\"description\" content=\"En GeoPark gestionamos nuevos negocios que nos permitan tener un portafolio de activos balanceado que aporte al crecimiento de la Compan\u0303i\u0301a.\" \/>\n<meta name=\"robots\" content=\"index, follow, max-snippet:-1, max-image-preview:large, max-video-preview:-1\" \/>\n<link rel=\"canonical\" href=\"https:\/\/geo-park.com\/sustainability\/2020\/prosperidad\/nuevos-negocios\/\" \/>\n<meta property=\"og:locale\" content=\"es_ES\" \/>\n<meta property=\"og:type\" content=\"article\" \/>\n<meta property=\"og:title\" content=\"Nuevos negocios GeoPark - Sustainability Report 2020 GeoPark\" \/>\n<meta property=\"og:description\" content=\"En GeoPark gestionamos nuevos negocios que nos permitan tener un portafolio de activos balanceado que aporte al crecimiento de la Compan\u0303i\u0301a.\" \/>\n<meta property=\"og:url\" content=\"https:\/\/geo-park.com\/sustainability\/2020\/prosperidad\/nuevos-negocios\/\" \/>\n<meta property=\"og:site_name\" content=\"Sustainability Report 2020 GeoPark\" \/>\n<meta property=\"article:modified_time\" content=\"2021-10-29T20:47:13+00:00\" \/>\n<meta property=\"og:image\" content=\"https:\/\/geo-park.com\/sustainability\/2020\/wp-content\/uploads\/2021\/10\/banner-interno-Prosperidad-Nuevos-negocios.jpg\" \/>\n\t<meta property=\"og:image:width\" content=\"1280\" \/>\n\t<meta property=\"og:image:height\" content=\"420\" \/>\n\t<meta property=\"og:image:type\" content=\"image\/jpeg\" \/>\n<meta name=\"twitter:card\" content=\"summary_large_image\" \/>\n<meta name=\"twitter:label1\" content=\"Tiempo de lectura\" \/>\n\t<meta name=\"twitter:data1\" content=\"2 minutos\" \/>\n<script type=\"application\/ld+json\" class=\"yoast-schema-graph\">{\"@context\":\"https:\/\/schema.org\",\"@graph\":[{\"@type\":\"WebPage\",\"@id\":\"https:\/\/geo-park.com\/sustainability\/2020\/prosperidad\/nuevos-negocios\/\",\"url\":\"https:\/\/geo-park.com\/sustainability\/2020\/prosperidad\/nuevos-negocios\/\",\"name\":\"Nuevos negocios GeoPark - Sustainability Report 2020 GeoPark\",\"isPartOf\":{\"@id\":\"https:\/\/geo-park.com\/sustainability\/2020\/#website\"},\"primaryImageOfPage\":{\"@id\":\"https:\/\/geo-park.com\/sustainability\/2020\/prosperidad\/nuevos-negocios\/#primaryimage\"},\"image\":{\"@id\":\"https:\/\/geo-park.com\/sustainability\/2020\/prosperidad\/nuevos-negocios\/#primaryimage\"},\"thumbnailUrl\":\"https:\/\/geo-park.com\/sustainability\/2020\/wp-content\/uploads\/2021\/10\/banner-interno-Prosperidad-Nuevos-negocios.jpg\",\"datePublished\":\"2021-09-16T20:56:51+00:00\",\"dateModified\":\"2021-10-29T20:47:13+00:00\",\"description\":\"En GeoPark gestionamos nuevos negocios que nos permitan tener un portafolio de activos balanceado que aporte al crecimiento de la Compan\u0303i\u0301a.\",\"breadcrumb\":{\"@id\":\"https:\/\/geo-park.com\/sustainability\/2020\/prosperidad\/nuevos-negocios\/#breadcrumb\"},\"inLanguage\":\"es\",\"potentialAction\":[{\"@type\":\"ReadAction\",\"target\":[\"https:\/\/geo-park.com\/sustainability\/2020\/prosperidad\/nuevos-negocios\/\"]}]},{\"@type\":\"ImageObject\",\"inLanguage\":\"es\",\"@id\":\"https:\/\/geo-park.com\/sustainability\/2020\/prosperidad\/nuevos-negocios\/#primaryimage\",\"url\":\"https:\/\/geo-park.com\/sustainability\/2020\/wp-content\/uploads\/2021\/10\/banner-interno-Prosperidad-Nuevos-negocios.jpg\",\"contentUrl\":\"https:\/\/geo-park.com\/sustainability\/2020\/wp-content\/uploads\/2021\/10\/banner-interno-Prosperidad-Nuevos-negocios.jpg\",\"width\":1280,\"height\":420},{\"@type\":\"BreadcrumbList\",\"@id\":\"https:\/\/geo-park.com\/sustainability\/2020\/prosperidad\/nuevos-negocios\/#breadcrumb\",\"itemListElement\":[{\"@type\":\"ListItem\",\"position\":1,\"name\":\"Inicio\",\"item\":\"https:\/\/geo-park.com\/sustainability\/2020\/\"},{\"@type\":\"ListItem\",\"position\":2,\"name\":\"Prosperidad\",\"item\":\"https:\/\/geo-park.com\/sustainability\/2020\/prosperidad\/\"},{\"@type\":\"ListItem\",\"position\":3,\"name\":\"Nuevos negocios\"}]},{\"@type\":\"WebSite\",\"@id\":\"https:\/\/geo-park.com\/sustainability\/2020\/#website\",\"url\":\"https:\/\/geo-park.com\/sustainability\/2020\/\",\"name\":\"Sustainability Report 2020 GeoPark\",\"description\":\"Just another WordPress site\",\"potentialAction\":[{\"@type\":\"SearchAction\",\"target\":{\"@type\":\"EntryPoint\",\"urlTemplate\":\"https:\/\/geo-park.com\/sustainability\/2020\/?s={search_term_string}\"},\"query-input\":{\"@type\":\"PropertyValueSpecification\",\"valueRequired\":true,\"valueName\":\"search_term_string\"}}],\"inLanguage\":\"es\"}]}<\/script>\n<!-- \/ Yoast SEO plugin. -->","yoast_head_json":{"title":"Nuevos negocios GeoPark - Sustainability Report 2020 GeoPark","description":"En GeoPark gestionamos nuevos negocios que nos permitan tener un portafolio de activos balanceado que aporte al crecimiento de la Compan\u0303i\u0301a.","robots":{"index":"index","follow":"follow","max-snippet":"max-snippet:-1","max-image-preview":"max-image-preview:large","max-video-preview":"max-video-preview:-1"},"canonical":"https:\/\/geo-park.com\/sustainability\/2020\/prosperidad\/nuevos-negocios\/","og_locale":"es_ES","og_type":"article","og_title":"Nuevos negocios GeoPark - Sustainability Report 2020 GeoPark","og_description":"En GeoPark gestionamos nuevos negocios que nos permitan tener un portafolio de activos balanceado que aporte al crecimiento de la Compan\u0303i\u0301a.","og_url":"https:\/\/geo-park.com\/sustainability\/2020\/prosperidad\/nuevos-negocios\/","og_site_name":"Sustainability Report 2020 GeoPark","article_modified_time":"2021-10-29T20:47:13+00:00","og_image":[{"width":1280,"height":420,"url":"https:\/\/geo-park.com\/sustainability\/2020\/wp-content\/uploads\/2021\/10\/banner-interno-Prosperidad-Nuevos-negocios.jpg","type":"image\/jpeg"}],"twitter_card":"summary_large_image","twitter_misc":{"Tiempo de lectura":"2 minutos"},"schema":{"@context":"https:\/\/schema.org","@graph":[{"@type":"WebPage","@id":"https:\/\/geo-park.com\/sustainability\/2020\/prosperidad\/nuevos-negocios\/","url":"https:\/\/geo-park.com\/sustainability\/2020\/prosperidad\/nuevos-negocios\/","name":"Nuevos negocios GeoPark - Sustainability Report 2020 GeoPark","isPartOf":{"@id":"https:\/\/geo-park.com\/sustainability\/2020\/#website"},"primaryImageOfPage":{"@id":"https:\/\/geo-park.com\/sustainability\/2020\/prosperidad\/nuevos-negocios\/#primaryimage"},"image":{"@id":"https:\/\/geo-park.com\/sustainability\/2020\/prosperidad\/nuevos-negocios\/#primaryimage"},"thumbnailUrl":"https:\/\/geo-park.com\/sustainability\/2020\/wp-content\/uploads\/2021\/10\/banner-interno-Prosperidad-Nuevos-negocios.jpg","datePublished":"2021-09-16T20:56:51+00:00","dateModified":"2021-10-29T20:47:13+00:00","description":"En GeoPark gestionamos nuevos negocios que nos permitan tener un portafolio de activos balanceado que aporte al crecimiento de la Compan\u0303i\u0301a.","breadcrumb":{"@id":"https:\/\/geo-park.com\/sustainability\/2020\/prosperidad\/nuevos-negocios\/#breadcrumb"},"inLanguage":"es","potentialAction":[{"@type":"ReadAction","target":["https:\/\/geo-park.com\/sustainability\/2020\/prosperidad\/nuevos-negocios\/"]}]},{"@type":"ImageObject","inLanguage":"es","@id":"https:\/\/geo-park.com\/sustainability\/2020\/prosperidad\/nuevos-negocios\/#primaryimage","url":"https:\/\/geo-park.com\/sustainability\/2020\/wp-content\/uploads\/2021\/10\/banner-interno-Prosperidad-Nuevos-negocios.jpg","contentUrl":"https:\/\/geo-park.com\/sustainability\/2020\/wp-content\/uploads\/2021\/10\/banner-interno-Prosperidad-Nuevos-negocios.jpg","width":1280,"height":420},{"@type":"BreadcrumbList","@id":"https:\/\/geo-park.com\/sustainability\/2020\/prosperidad\/nuevos-negocios\/#breadcrumb","itemListElement":[{"@type":"ListItem","position":1,"name":"Inicio","item":"https:\/\/geo-park.com\/sustainability\/2020\/"},{"@type":"ListItem","position":2,"name":"Prosperidad","item":"https:\/\/geo-park.com\/sustainability\/2020\/prosperidad\/"},{"@type":"ListItem","position":3,"name":"Nuevos negocios"}]},{"@type":"WebSite","@id":"https:\/\/geo-park.com\/sustainability\/2020\/#website","url":"https:\/\/geo-park.com\/sustainability\/2020\/","name":"Sustainability Report 2020 GeoPark","description":"Just another WordPress site","potentialAction":[{"@type":"SearchAction","target":{"@type":"EntryPoint","urlTemplate":"https:\/\/geo-park.com\/sustainability\/2020\/?s={search_term_string}"},"query-input":{"@type":"PropertyValueSpecification","valueRequired":true,"valueName":"search_term_string"}}],"inLanguage":"es"}]}},"_links":{"self":[{"href":"https:\/\/geo-park.com\/sustainability\/2020\/wp-json\/wp\/v2\/pages\/63","targetHints":{"allow":["GET"]}}],"collection":[{"href":"https:\/\/geo-park.com\/sustainability\/2020\/wp-json\/wp\/v2\/pages"}],"about":[{"href":"https:\/\/geo-park.com\/sustainability\/2020\/wp-json\/wp\/v2\/types\/page"}],"author":[{"embeddable":true,"href":"https:\/\/geo-park.com\/sustainability\/2020\/wp-json\/wp\/v2\/users\/1"}],"replies":[{"embeddable":true,"href":"https:\/\/geo-park.com\/sustainability\/2020\/wp-json\/wp\/v2\/comments?post=63"}],"version-history":[{"count":6,"href":"https:\/\/geo-park.com\/sustainability\/2020\/wp-json\/wp\/v2\/pages\/63\/revisions"}],"predecessor-version":[{"id":978,"href":"https:\/\/geo-park.com\/sustainability\/2020\/wp-json\/wp\/v2\/pages\/63\/revisions\/978"}],"up":[{"embeddable":true,"href":"https:\/\/geo-park.com\/sustainability\/2020\/wp-json\/wp\/v2\/pages\/53"}],"wp:featuredmedia":[{"embeddable":true,"href":"https:\/\/geo-park.com\/sustainability\/2020\/wp-json\/wp\/v2\/media\/946"}],"wp:attachment":[{"href":"https:\/\/geo-park.com\/sustainability\/2020\/wp-json\/wp\/v2\/media?parent=63"}],"curies":[{"name":"wp","href":"https:\/\/api.w.org\/{rel}","templated":true}]}}